{"id":133144,"date":"1926-01-01T00:00:00","date_gmt":"1926-01-01T00:00:00","guid":{"rendered":"https:\/\/cappiello.fr\/produit\/lait-condense\/"},"modified":"2025-05-15T07:38:31","modified_gmt":"2025-05-15T05:38:31","slug":"lait-condense","status":"publish","type":"product","link":"https:\/\/cappiello.fr\/en\/produit\/lait-condense\/","title":{"rendered":"Lait condens\u00e9"},"content":{"rendered":"<p>Three cows frolic in a mountain pasture. One appears to be holding a can of condensed milk that might originate from its own milk. The idea was reused for <a href=\"https:\/\/cappiello.fr\/en\/produit\/blue-crane-brand\/\">the condensed milk: &#8220;Blue Crane Brand&#8221; and for the Gruy\u00e8re cream &#8220;La Vache S\u00e9rieuse&#8221;<\/a><\/p>\n","protected":false},"excerpt":{"rendered":"<p>Condensed Milk<\/p>\n","protected":false},"featured_media":135019,"template":"","meta":{"_acf_changed":false},"type-doeuvre":[4057],"product_brand":[],"product_cat":[3405],"product_tag":[3983,3755,3763,3650,3458],"class_list":{"0":"post-133144","1":"product","2":"type-product","3":"status-publish","4":"has-post-thumbnail","6":"type-doeuvre-affiches","7":"product_cat-dairy-products","8":"product_tag-cow-en-5","9":"product_tag-cow-en-3","10":"product_tag-glass-en-26","11":"product_tag-glass-en-20","12":"product_tag-hat-en-7","13":"pa_periode-1919-1929-en","14":"pa_type-de-contenu-esquisse-en","16":"first","17":"instock","18":"virtual","19":"product-type-simple"},"acf":[],"yoast_head":"<!-- This site is optimized with the Yoast SEO Premium plugin v27.0 (Yoast SEO v27.4) - https:\/\/yoast.com\/product\/yoast-seo-premium-wordpress\/ -->\n<title>Lait condens\u00e9 - Catalogue Raisonn\u00e9 de Leonetto Cappiello<\/title>\n<meta name=\"description\" content=\"Three cows are frolicking in a mountain pasture. One appears to be holding a can of condensed milk that would originate from its own milk. The idea was reused for the condensed milk: &quot;Blue Crane Brand&quot; and for the Gruy\u00e8re cream &quot;La Vache S\u00e9rieuse&quot;\" \/>\n<meta name=\"robots\" content=\"index, follow, max-snippet:-1, max-image-preview:large, max-video-preview:-1\" \/>\n<link rel=\"canonical\" href=\"https:\/\/cappiello.fr\/en\/produit\/lait-condense\/\" \/>\n<meta property=\"og:locale\" content=\"en_US\" \/>\n<meta property=\"og:type\" content=\"article\" \/>\n<meta property=\"og:title\" content=\"Lait condens\u00e9\" \/>\n<meta property=\"og:description\" content=\"Three cows are frolicking in a mountain pasture. One appears to be holding a can of condensed milk that would originate from its own milk. The idea was reused for the condensed milk: &quot;Blue Crane Brand&quot; and for the Gruy\u00e8re cream &quot;La Vache S\u00e9rieuse&quot;\" \/>\n<meta property=\"og:url\" content=\"https:\/\/cappiello.fr\/en\/produit\/lait-condense\/\" \/>\n<meta property=\"og:site_name\" content=\"Catalogue raisonn\u00e9 de Leonetto Cappiello\" \/>\n<meta property=\"article:modified_time\" content=\"2025-05-15T05:38:31+00:00\" \/>\n<meta property=\"og:image\" content=\"https:\/\/cappiello.fr\/wp-content\/uploads\/2024\/10\/Esquisse-affiche-publicitaire-lait-condense-cappiello-1926.jpg\" \/>\n\t<meta property=\"og:image:width\" content=\"600\" \/>\n\t<meta property=\"og:image:height\" content=\"800\" \/>\n\t<meta property=\"og:image:type\" content=\"image\/jpeg\" \/>\n<meta name=\"twitter:card\" content=\"summary_large_image\" \/>\n<meta name=\"twitter:title\" content=\"Lait condens\u00e9\" \/>\n<meta name=\"twitter:description\" content=\"Three cows are frolicking in a mountain pasture. One appears to be holding a can of condensed milk that would originate from its own milk. The idea was reused for the condensed milk: &quot;Blue Crane Brand&quot; and for the Gruy\u00e8re cream &quot;La Vache S\u00e9rieuse&quot;\" \/>\n<meta name=\"twitter:label1\" content=\"Price\" \/>\n\t<meta name=\"twitter:data1\" content=\"\" \/>\n\t<meta name=\"twitter:label2\" content=\"Availability\" \/>\n\t<meta name=\"twitter:data2\" content=\"In stock\" \/>\n<script type=\"application\/ld+json\" class=\"yoast-schema-graph\">{\"@context\":\"https:\\\/\\\/schema.org\",\"@graph\":[{\"@type\":[\"WebPage\",\"ItemPage\"],\"@id\":\"https:\\\/\\\/cappiello.fr\\\/en\\\/produit\\\/lait-condense\\\/\",\"url\":\"https:\\\/\\\/cappiello.fr\\\/en\\\/produit\\\/lait-condense\\\/\",\"name\":\"Lait condens\u00e9 - Catalogue Raisonn\u00e9 de Leonetto Cappiello\",\"isPartOf\":{\"@id\":\"https:\\\/\\\/cappiello.fr\\\/en\\\/#website\"},\"primaryImageOfPage\":{\"@id\":\"https:\\\/\\\/cappiello.fr\\\/en\\\/produit\\\/lait-condense\\\/#primaryimage\"},\"image\":{\"@id\":\"https:\\\/\\\/cappiello.fr\\\/en\\\/produit\\\/lait-condense\\\/#primaryimage\"},\"thumbnailUrl\":\"https:\\\/\\\/cappiello.fr\\\/wp-content\\\/uploads\\\/2024\\\/10\\\/Esquisse-affiche-publicitaire-lait-condense-cappiello-1926.jpg\",\"datePublished\":\"1926-01-01T00:00:00+00:00\",\"dateModified\":\"2025-05-15T05:38:31+00:00\",\"description\":\"Three cows are frolicking in a mountain pasture. One appears to be holding a can of condensed milk that would originate from its own milk. The idea was reused for the condensed milk: \\\"Blue Crane Brand\\\" and for the Gruy\u00e8re cream \\\"La Vache S\u00e9rieuse\\\"\",\"breadcrumb\":{\"@id\":\"https:\\\/\\\/cappiello.fr\\\/en\\\/produit\\\/lait-condense\\\/#breadcrumb\"},\"inLanguage\":\"en-US\",\"potentialAction\":[{\"@type\":\"ReadAction\",\"target\":[\"https:\\\/\\\/cappiello.fr\\\/en\\\/produit\\\/lait-condense\\\/\"]}]},{\"@type\":\"ImageObject\",\"inLanguage\":\"en-US\",\"@id\":\"https:\\\/\\\/cappiello.fr\\\/en\\\/produit\\\/lait-condense\\\/#primaryimage\",\"url\":\"https:\\\/\\\/cappiello.fr\\\/wp-content\\\/uploads\\\/2024\\\/10\\\/Esquisse-affiche-publicitaire-lait-condense-cappiello-1926.jpg\",\"contentUrl\":\"https:\\\/\\\/cappiello.fr\\\/wp-content\\\/uploads\\\/2024\\\/10\\\/Esquisse-affiche-publicitaire-lait-condense-cappiello-1926.jpg\",\"width\":600,\"height\":800,\"caption\":\"Lait Condens\u00e9\"},{\"@type\":\"BreadcrumbList\",\"@id\":\"https:\\\/\\\/cappiello.fr\\\/en\\\/produit\\\/lait-condense\\\/#breadcrumb\",\"itemListElement\":[{\"@type\":\"ListItem\",\"position\":1,\"name\":\"Accueil\",\"item\":\"https:\\\/\\\/cappiello.fr\\\/en\\\/\"},{\"@type\":\"ListItem\",\"position\":2,\"name\":\"The works\",\"item\":\"https:\\\/\\\/cappiello.fr\\\/en\\\/the-works\\\/\"},{\"@type\":\"ListItem\",\"position\":3,\"name\":\"Lait condens\u00e9\"}]},{\"@type\":\"WebSite\",\"@id\":\"https:\\\/\\\/cappiello.fr\\\/en\\\/#website\",\"url\":\"https:\\\/\\\/cappiello.fr\\\/en\\\/\",\"name\":\"Catalogue raisonn\u00e9 de Leonetto Cappiello\",\"description\":\"Plongez dans l&#039;univers de Leonetto Cappiello, le p\u00e8re de la publicit\u00e9 moderne\",\"potentialAction\":[{\"@type\":\"SearchAction\",\"target\":{\"@type\":\"EntryPoint\",\"urlTemplate\":\"https:\\\/\\\/cappiello.fr\\\/en\\\/?s={search_term_string}\"},\"query-input\":{\"@type\":\"PropertyValueSpecification\",\"valueRequired\":true,\"valueName\":\"search_term_string\"}}],\"inLanguage\":\"en-US\"}]}<\/script>\n<meta property=\"product:price:currency\" content=\"EUR\" \/>\n<meta property=\"og:availability\" content=\"instock\" \/>\n<meta property=\"product:availability\" content=\"instock\" \/>\n<meta property=\"product:retailer_item_id\" content=\"1926021E0\" \/>\n<meta property=\"product:condition\" content=\"new\" \/>\n<!-- \/ Yoast SEO Premium plugin. -->","yoast_head_json":{"title":"Lait condens\u00e9 - Catalogue Raisonn\u00e9 de Leonetto Cappiello","description":"Three cows are frolicking in a mountain pasture. One appears to be holding a can of condensed milk that would originate from its own milk. The idea was reused for the condensed milk: \"Blue Crane Brand\" and for the Gruy\u00e8re cream \"La Vache S\u00e9rieuse\"","robots":{"index":"index","follow":"follow","max-snippet":"max-snippet:-1","max-image-preview":"max-image-preview:large","max-video-preview":"max-video-preview:-1"},"canonical":"https:\/\/cappiello.fr\/en\/produit\/lait-condense\/","og_locale":"en_US","og_type":"article","og_title":"Lait condens\u00e9","og_description":"Three cows are frolicking in a mountain pasture. One appears to be holding a can of condensed milk that would originate from its own milk. The idea was reused for the condensed milk: \"Blue Crane Brand\" and for the Gruy\u00e8re cream \"La Vache S\u00e9rieuse\"","og_url":"https:\/\/cappiello.fr\/en\/produit\/lait-condense\/","og_site_name":"Catalogue raisonn\u00e9 de Leonetto Cappiello","article_modified_time":"2025-05-15T05:38:31+00:00","og_image":[{"width":600,"height":800,"url":"https:\/\/cappiello.fr\/wp-content\/uploads\/2024\/10\/Esquisse-affiche-publicitaire-lait-condense-cappiello-1926.jpg","type":"image\/jpeg"}],"twitter_card":"summary_large_image","twitter_title":"Lait condens\u00e9","twitter_description":"Three cows are frolicking in a mountain pasture. One appears to be holding a can of condensed milk that would originate from its own milk. The idea was reused for the condensed milk: \"Blue Crane Brand\" and for the Gruy\u00e8re cream \"La Vache S\u00e9rieuse\"","twitter_misc":{"Price":"","Availability":"In stock"},"schema":{"@context":"https:\/\/schema.org","@graph":[{"@type":["WebPage","ItemPage"],"@id":"https:\/\/cappiello.fr\/en\/produit\/lait-condense\/","url":"https:\/\/cappiello.fr\/en\/produit\/lait-condense\/","name":"Lait condens\u00e9 - Catalogue Raisonn\u00e9 de Leonetto Cappiello","isPartOf":{"@id":"https:\/\/cappiello.fr\/en\/#website"},"primaryImageOfPage":{"@id":"https:\/\/cappiello.fr\/en\/produit\/lait-condense\/#primaryimage"},"image":{"@id":"https:\/\/cappiello.fr\/en\/produit\/lait-condense\/#primaryimage"},"thumbnailUrl":"https:\/\/cappiello.fr\/wp-content\/uploads\/2024\/10\/Esquisse-affiche-publicitaire-lait-condense-cappiello-1926.jpg","datePublished":"1926-01-01T00:00:00+00:00","dateModified":"2025-05-15T05:38:31+00:00","description":"Three cows are frolicking in a mountain pasture. One appears to be holding a can of condensed milk that would originate from its own milk. The idea was reused for the condensed milk: \"Blue Crane Brand\" and for the Gruy\u00e8re cream \"La Vache S\u00e9rieuse\"","breadcrumb":{"@id":"https:\/\/cappiello.fr\/en\/produit\/lait-condense\/#breadcrumb"},"inLanguage":"en-US","potentialAction":[{"@type":"ReadAction","target":["https:\/\/cappiello.fr\/en\/produit\/lait-condense\/"]}]},{"@type":"ImageObject","inLanguage":"en-US","@id":"https:\/\/cappiello.fr\/en\/produit\/lait-condense\/#primaryimage","url":"https:\/\/cappiello.fr\/wp-content\/uploads\/2024\/10\/Esquisse-affiche-publicitaire-lait-condense-cappiello-1926.jpg","contentUrl":"https:\/\/cappiello.fr\/wp-content\/uploads\/2024\/10\/Esquisse-affiche-publicitaire-lait-condense-cappiello-1926.jpg","width":600,"height":800,"caption":"Lait Condens\u00e9"},{"@type":"BreadcrumbList","@id":"https:\/\/cappiello.fr\/en\/produit\/lait-condense\/#breadcrumb","itemListElement":[{"@type":"ListItem","position":1,"name":"Accueil","item":"https:\/\/cappiello.fr\/en\/"},{"@type":"ListItem","position":2,"name":"The works","item":"https:\/\/cappiello.fr\/en\/the-works\/"},{"@type":"ListItem","position":3,"name":"Lait condens\u00e9"}]},{"@type":"WebSite","@id":"https:\/\/cappiello.fr\/en\/#website","url":"https:\/\/cappiello.fr\/en\/","name":"Catalogue raisonn\u00e9 de Leonetto Cappiello","description":"Plongez dans l&#039;univers de Leonetto Cappiello, le p\u00e8re de la publicit\u00e9 moderne","potentialAction":[{"@type":"SearchAction","target":{"@type":"EntryPoint","urlTemplate":"https:\/\/cappiello.fr\/en\/?s={search_term_string}"},"query-input":{"@type":"PropertyValueSpecification","valueRequired":true,"valueName":"search_term_string"}}],"inLanguage":"en-US"}]},"product_price_currency":"EUR","og_availability":"instock","product_availability":"instock","product_retailer_item_id":"1926021E0","product_condition":"new"},"_links":{"self":[{"href":"https:\/\/cappiello.fr\/en\/wp-json\/wp\/v2\/product\/133144","targetHints":{"allow":["GET"]}}],"collection":[{"href":"https:\/\/cappiello.fr\/en\/wp-json\/wp\/v2\/product"}],"about":[{"href":"https:\/\/cappiello.fr\/en\/wp-json\/wp\/v2\/types\/product"}],"wp:featuredmedia":[{"embeddable":true,"href":"https:\/\/cappiello.fr\/en\/wp-json\/wp\/v2\/media\/135019"}],"wp:attachment":[{"href":"https:\/\/cappiello.fr\/en\/wp-json\/wp\/v2\/media?parent=133144"}],"wp:term":[{"taxonomy":"type-doeuvre","embeddable":true,"href":"https:\/\/cappiello.fr\/en\/wp-json\/wp\/v2\/type-doeuvre?post=133144"},{"taxonomy":"product_brand","embeddable":true,"href":"https:\/\/cappiello.fr\/en\/wp-json\/wp\/v2\/product_brand?post=133144"},{"taxonomy":"product_cat","embeddable":true,"href":"https:\/\/cappiello.fr\/en\/wp-json\/wp\/v2\/product_cat?post=133144"},{"taxonomy":"product_tag","embeddable":true,"href":"https:\/\/cappiello.fr\/en\/wp-json\/wp\/v2\/product_tag?post=133144"}],"curies":[{"name":"wp","href":"https:\/\/api.w.org\/{rel}","templated":true}]}}

Lait condensé

<p>Three cows frolic in a mountain pasture. One appears to be holding a can of condensed milk that might originate from its own milk. The idea was reused for <a href="https://cappiello.fr/en/produit/blue-crane-brand/">the condensed milk: &#8220;Blue Crane Brand&#8221; and for the Gruyère cream &#8220;La Vache Sérieuse&#8221;</a></p>

<!-- This site is optimized with the Yoast SEO Premium plugin v27.0 (Yoast SEO v27.4) - https://yoast.com/product/yoast-seo-premium-wordpress/ -->
<title>Lait condensé - Catalogue Raisonné de Leonetto Cappiello</title>
<meta name="description" content="Three cows are frolicking in a mountain pasture. One appears to be holding a can of condensed milk that would originate from its own milk. The idea was reused for the condensed milk: &quot;Blue Crane Brand&quot; and for the Gruyère cream &quot;La Vache Sérieuse&quot;" />
<meta name="robots" content="index, follow, max-snippet:-1, max-image-preview:large, max-video-preview:-1" />
<link rel="canonical" href="https://cappiello.fr/en/produit/lait-condense/" />
<meta property="og:locale" content="en_US" />
<meta property="og:type" content="article" />
<meta property="og:title" content="Lait condensé" />
<meta property="og:description" content="Three cows are frolicking in a mountain pasture. One appears to be holding a can of condensed milk that would originate from its own milk. The idea was reused for the condensed milk: &quot;Blue Crane Brand&quot; and for the Gruyère cream &quot;La Vache Sérieuse&quot;" />
<meta property="og:url" content="https://cappiello.fr/en/produit/lait-condense/" />
<meta property="og:site_name" content="Catalogue raisonné de Leonetto Cappiello" />
<meta property="article:modified_time" content="2025-05-15T05:38:31+00:00" />
<meta property="og:image" content="https://cappiello.fr/wp-content/uploads/2024/10/Esquisse-affiche-publicitaire-lait-condense-cappiello-1926.jpg" />
	<meta property="og:image:width" content="600" />
	<meta property="og:image:height" content="800" />
	<meta property="og:image:type" content="image/jpeg" />
<meta name="twitter:card" content="summary_large_image" />
<meta name="twitter:title" content="Lait condensé" />
<meta name="twitter:description" content="Three cows are frolicking in a mountain pasture. One appears to be holding a can of condensed milk that would originate from its own milk. The idea was reused for the condensed milk: &quot;Blue Crane Brand&quot; and for the Gruyère cream &quot;La Vache Sérieuse&quot;" />
<meta name="twitter:label1" content="Price" />
	<meta name="twitter:data1" content="" />
	<meta name="twitter:label2" content="Availability" />
	<meta name="twitter:data2" content="In stock" />
<script type="application/ld+json" class="yoast-schema-graph">{"@context":"https:\/\/schema.org","@graph":[{"@type":["WebPage","ItemPage"],"@id":"https:\/\/cappiello.fr\/en\/produit\/lait-condense\/","url":"https:\/\/cappiello.fr\/en\/produit\/lait-condense\/","name":"Lait condensé - Catalogue Raisonné de Leonetto Cappiello","isPartOf":{"@id":"https:\/\/cappiello.fr\/en\/#website"},"primaryImageOfPage":{"@id":"https:\/\/cappiello.fr\/en\/produit\/lait-condense\/#primaryimage"},"image":{"@id":"https:\/\/cappiello.fr\/en\/produit\/lait-condense\/#primaryimage"},"thumbnailUrl":"https:\/\/cappiello.fr\/wp-content\/uploads\/2024\/10\/Esquisse-affiche-publicitaire-lait-condense-cappiello-1926.jpg","datePublished":"1926-01-01T00:00:00+00:00","dateModified":"2025-05-15T05:38:31+00:00","description":"Three cows are frolicking in a mountain pasture. One appears to be holding a can of condensed milk that would originate from its own milk. The idea was reused for the condensed milk: \"Blue Crane Brand\" and for the Gruyère cream \"La Vache Sérieuse\"","breadcrumb":{"@id":"https:\/\/cappiello.fr\/en\/produit\/lait-condense\/#breadcrumb"},"inLanguage":"en-US","potentialAction":[{"@type":"ReadAction","target":["https:\/\/cappiello.fr\/en\/produit\/lait-condense\/"]}]},{"@type":"ImageObject","inLanguage":"en-US","@id":"https:\/\/cappiello.fr\/en\/produit\/lait-condense\/#primaryimage","url":"https:\/\/cappiello.fr\/wp-content\/uploads\/2024\/10\/Esquisse-affiche-publicitaire-lait-condense-cappiello-1926.jpg","contentUrl":"https:\/\/cappiello.fr\/wp-content\/uploads\/2024\/10\/Esquisse-affiche-publicitaire-lait-condense-cappiello-1926.jpg","width":600,"height":800,"caption":"Lait Condensé"},{"@type":"BreadcrumbList","@id":"https:\/\/cappiello.fr\/en\/produit\/lait-condense\/#breadcrumb","itemListElement":[{"@type":"ListItem","position":1,"name":"Accueil","item":"https:\/\/cappiello.fr\/en\/"},{"@type":"ListItem","position":2,"name":"The works","item":"https:\/\/cappiello.fr\/en\/the-works\/"},{"@type":"ListItem","position":3,"name":"Lait condensé"}]},{"@type":"WebSite","@id":"https:\/\/cappiello.fr\/en\/#website","url":"https:\/\/cappiello.fr\/en\/","name":"Catalogue raisonné de Leonetto Cappiello","description":"Plongez dans l&#039;univers de Leonetto Cappiello, le père de la publicité moderne","potentialAction":[{"@type":"SearchAction","target":{"@type":"EntryPoint","urlTemplate":"https:\/\/cappiello.fr\/en\/?s={search_term_string}"},"query-input":{"@type":"PropertyValueSpecification","valueRequired":true,"valueName":"search_term_string"}}],"inLanguage":"en-US"}]}</script>
<meta property="product:price:currency" content="EUR" />
<meta property="og:availability" content="instock" />
<meta property="product:availability" content="instock" />
<meta property="product:retailer_item_id" content="1926021E0" />
<meta property="product:condition" content="new" />
<!-- / Yoast SEO Premium plugin. -->

Lait condensé - Catalogue Raisonné de Leonetto Cappiello

Three cows are frolicking in a mountain pasture. One appears to be holding a can of condensed milk that would originate from its own milk. The idea was reused for the condensed milk: "Blue Crane Brand" and for the Gruyère cream "La Vache Sérieuse"

Catalogue raisonné de Leonetto Cappiello

Lait Condensé

Plongez dans l&#039;univers de Leonetto Cappiello, le père de la publicité moderne
