{"id":136166,"date":"1898-09-03T17:00:34","date_gmt":"1898-09-03T16:51:13","guid":{"rendered":"https:\/\/cappiello.fr\/?post_type=product&#038;p=136166"},"modified":"2026-04-10T10:57:21","modified_gmt":"2026-04-10T08:57:21","slug":"la-belle-otero","status":"publish","type":"product","link":"https:\/\/cappiello.fr\/en\/produit\/la-belle-otero\/","title":{"rendered":"Belle Otero (La)"},"content":{"rendered":"<p>Chanteuse, danseuse, elle d\u00e9fraie la chronique par ses aventures amoureuses. Demi-mondaine, cliente de la maison Doucet, \u00abLa belle Otero\u00bb,<br \/>\n\u00abfougueuse Espagnole\u00bb est une \u00abcroqueuse de diamants\u00bb. Avec \u00c9milienne d&#8217;Alen\u00e7on et Liane de Pougy, elles deviendront \u00ab les trois Grandes \u00bb, les reines de Paris. 0n raconte que les carrossiers automobiles eux-m\u00eames, au d\u00e9but du si\u00e8cle, prendront la mesure des chapeaux de Caroline Otero avant de sortir leurs nouveaux mod\u00e8les (<em>La Belle \u00c9poque<\/em>, Gilbert Guilleminault, \u00e9d. Deno\u00ebl, p. 163 \u00e0 186). Sa vie priv\u00e9e lui valut le surnom de \u00absir\u00e8ne du suicide\u00bb (<em>Music-hall et caf\u00e9-concert<\/em> d&#8217;Andr\u00e9 Sall\u00e9e et Philippe Chauveau, \u00e9d. Bordas, p. 14). \u00ab Elle est jolie, jolie de cette beaut\u00e9 qui attire le d\u00e9sir et le retient [..,] elle a aussi un talent et une voix ravissants&#8230; \u00bb \u00e9crit <em>L&#8217;\u00c9cho de Paris<\/em> (Gidel, p. 139). Philippe Roberts-Jones notera : \u00abil fallait pour la s\u00e9duire, lui plaire ou \u00eatre richissime et accepter d&#8217;\u00eatre ruin\u00e9, car elle portait au cou des fortunes en diamants et d\u00e9pensait des millions sur le tapis vert.\u00bb (<em>La  caricature<\/em>, 1850-1900, p.438). Tr\u00e8s intime avec Colette (Francis et Gontier, \u00e9d. Perrin, <em>Colette<\/em>), elle compte, parmi ses admirateurs, Guillaume II, le Prince de Galles, Alphonse XIII, le Grand Duc Nicolas, Gabriele d&#8217;Annunzio, Aristide Briand&#8230;<Br><br \/>\nCe dessin para\u00eetra dans <em>Les plaisirs de Paris<\/em>, guide du \u00abRire\u00bb dans Paris et \u00e0 l&#8217;exposition de 1900, p. 35, \u00e9dit\u00e9 par F\u00e9lix Juven, sous la rubrique : <em>Music-halls et caf\u00e9s-concerts<\/em>.<\/p>\n","protected":false},"excerpt":{"rendered":"<p>R04: La belle Otero, Les Contemporaines n\u00b011. Para\u00eet dans <em>Le Rire<\/em> n\u00b0200 derni\u00e8re page.<Br><br \/>\nR04a : Portrait-charge de la Belle Otero, en costume d&#8217;Espagnole, dansant<\/p>\n","protected":false},"featured_media":136167,"template":"","meta":{"_acf_changed":false},"type-doeuvre":[4056],"product_brand":[],"product_cat":[4074,4088],"product_tag":[3333,3552],"class_list":{"0":"post-136166","1":"product","2":"type-product","3":"status-publish","4":"has-post-thumbnail","6":"type-doeuvre-caricatures","7":"product_cat-chanteur-populaire","8":"product_cat-danseuse","9":"product_tag-dancer-en","10":"product_tag-cup-en-11","11":"pa_type-de-contenu-caricature-de-divertissement","13":"first","14":"instock","15":"shipping-taxable","16":"product-type-simple"},"acf":[],"yoast_head":"<!-- This site is optimized with the Yoast SEO Premium plugin v27.0 (Yoast SEO v27.4) - https:\/\/yoast.com\/product\/yoast-seo-premium-wordpress\/ -->\n<title>Belle Otero (La) - Catalogue raisonn\u00e9 de Leonetto Cappiello<\/title>\n<meta name=\"robots\" content=\"index, follow, max-snippet:-1, max-image-preview:large, max-video-preview:-1\" \/>\n<link rel=\"canonical\" href=\"https:\/\/cappiello.fr\/en\/produit\/la-belle-otero\/\" \/>\n<meta property=\"og:locale\" content=\"en_US\" \/>\n<meta property=\"og:type\" content=\"article\" \/>\n<meta property=\"og:title\" content=\"Belle Otero (La)\" \/>\n<meta property=\"og:description\" content=\"R04: La belle Otero, Les Contemporaines n\u00b011. Para\u00eet dans Le Rire n\u00b0200 derni\u00e8re page. R04a : Portrait-charge de la Belle Otero, en costume d&#039;Espagnole, dansant\" \/>\n<meta property=\"og:url\" content=\"https:\/\/cappiello.fr\/en\/produit\/la-belle-otero\/\" \/>\n<meta property=\"og:site_name\" content=\"Catalogue raisonn\u00e9 de Leonetto Cappiello\" \/>\n<meta property=\"article:modified_time\" content=\"2026-04-10T08:57:21+00:00\" \/>\n<meta property=\"og:image\" content=\"https:\/\/cappiello.fr\/wp-content\/uploads\/2025\/12\/La-Belle-Otero-caricature-Cappiello-rotated.jpg\" \/>\n\t<meta property=\"og:image:width\" content=\"800\" \/>\n\t<meta property=\"og:image:height\" content=\"1186\" \/>\n\t<meta property=\"og:image:type\" content=\"image\/jpeg\" \/>\n<meta name=\"twitter:card\" content=\"summary_large_image\" \/>\n<meta name=\"twitter:label1\" content=\"Price\" \/>\n\t<meta name=\"twitter:data1\" content=\"\" \/>\n\t<meta name=\"twitter:label2\" content=\"Availability\" \/>\n\t<meta name=\"twitter:data2\" content=\"In stock\" \/>\n<script type=\"application\/ld+json\" class=\"yoast-schema-graph\">{\"@context\":\"https:\\\/\\\/schema.org\",\"@graph\":[{\"@type\":[\"WebPage\",\"ItemPage\"],\"@id\":\"https:\\\/\\\/cappiello.fr\\\/en\\\/produit\\\/la-belle-otero\\\/\",\"url\":\"https:\\\/\\\/cappiello.fr\\\/en\\\/produit\\\/la-belle-otero\\\/\",\"name\":\"Belle Otero (La) - Catalogue raisonn\u00e9 de Leonetto Cappiello\",\"isPartOf\":{\"@id\":\"https:\\\/\\\/cappiello.fr\\\/en\\\/#website\"},\"primaryImageOfPage\":{\"@id\":\"https:\\\/\\\/cappiello.fr\\\/en\\\/produit\\\/la-belle-otero\\\/#primaryimage\"},\"image\":{\"@id\":\"https:\\\/\\\/cappiello.fr\\\/en\\\/produit\\\/la-belle-otero\\\/#primaryimage\"},\"thumbnailUrl\":\"https:\\\/\\\/cappiello.fr\\\/wp-content\\\/uploads\\\/2025\\\/12\\\/La-Belle-Otero-caricature-Cappiello-rotated.jpg\",\"datePublished\":\"1898-09-03T16:51:13+00:00\",\"dateModified\":\"2026-04-10T08:57:21+00:00\",\"breadcrumb\":{\"@id\":\"https:\\\/\\\/cappiello.fr\\\/en\\\/produit\\\/la-belle-otero\\\/#breadcrumb\"},\"inLanguage\":\"en-US\",\"potentialAction\":[{\"@type\":\"ReadAction\",\"target\":[\"https:\\\/\\\/cappiello.fr\\\/en\\\/produit\\\/la-belle-otero\\\/\"]}]},{\"@type\":\"ImageObject\",\"inLanguage\":\"en-US\",\"@id\":\"https:\\\/\\\/cappiello.fr\\\/en\\\/produit\\\/la-belle-otero\\\/#primaryimage\",\"url\":\"https:\\\/\\\/cappiello.fr\\\/wp-content\\\/uploads\\\/2025\\\/12\\\/La-Belle-Otero-caricature-Cappiello-rotated.jpg\",\"contentUrl\":\"https:\\\/\\\/cappiello.fr\\\/wp-content\\\/uploads\\\/2025\\\/12\\\/La-Belle-Otero-caricature-Cappiello-rotated.jpg\",\"width\":800,\"height\":1186,\"caption\":\"La Belle Otero, Caricature de Cappiello\"},{\"@type\":\"BreadcrumbList\",\"@id\":\"https:\\\/\\\/cappiello.fr\\\/en\\\/produit\\\/la-belle-otero\\\/#breadcrumb\",\"itemListElement\":[{\"@type\":\"ListItem\",\"position\":1,\"name\":\"Accueil\",\"item\":\"https:\\\/\\\/cappiello.fr\\\/en\\\/\"},{\"@type\":\"ListItem\",\"position\":2,\"name\":\"The works\",\"item\":\"https:\\\/\\\/cappiello.fr\\\/en\\\/the-works\\\/\"},{\"@type\":\"ListItem\",\"position\":3,\"name\":\"Belle Otero (La)\"}]},{\"@type\":\"WebSite\",\"@id\":\"https:\\\/\\\/cappiello.fr\\\/en\\\/#website\",\"url\":\"https:\\\/\\\/cappiello.fr\\\/en\\\/\",\"name\":\"Catalogue raisonn\u00e9 de Leonetto Cappiello\",\"description\":\"Plongez dans l&#039;univers de Leonetto Cappiello, le p\u00e8re de la publicit\u00e9 moderne\",\"potentialAction\":[{\"@type\":\"SearchAction\",\"target\":{\"@type\":\"EntryPoint\",\"urlTemplate\":\"https:\\\/\\\/cappiello.fr\\\/en\\\/?s={search_term_string}\"},\"query-input\":{\"@type\":\"PropertyValueSpecification\",\"valueRequired\":true,\"valueName\":\"search_term_string\"}}],\"inLanguage\":\"en-US\"}]}<\/script>\n<meta property=\"product:price:currency\" content=\"EUR\" \/>\n<meta property=\"og:availability\" content=\"instock\" \/>\n<meta property=\"product:availability\" content=\"instock\" \/>\n<meta property=\"product:retailer_item_id\" content=\"R04\" \/>\n<meta property=\"product:condition\" content=\"new\" \/>\n<!-- \/ Yoast SEO Premium plugin. -->","yoast_head_json":{"title":"Belle Otero (La) - Catalogue raisonn\u00e9 de Leonetto Cappiello","robots":{"index":"index","follow":"follow","max-snippet":"max-snippet:-1","max-image-preview":"max-image-preview:large","max-video-preview":"max-video-preview:-1"},"canonical":"https:\/\/cappiello.fr\/en\/produit\/la-belle-otero\/","og_locale":"en_US","og_type":"article","og_title":"Belle Otero (La)","og_description":"R04: La belle Otero, Les Contemporaines n\u00b011. Para\u00eet dans Le Rire n\u00b0200 derni\u00e8re page. R04a : Portrait-charge de la Belle Otero, en costume d'Espagnole, dansant","og_url":"https:\/\/cappiello.fr\/en\/produit\/la-belle-otero\/","og_site_name":"Catalogue raisonn\u00e9 de Leonetto Cappiello","article_modified_time":"2026-04-10T08:57:21+00:00","og_image":[{"width":800,"height":1186,"url":"https:\/\/cappiello.fr\/wp-content\/uploads\/2025\/12\/La-Belle-Otero-caricature-Cappiello-rotated.jpg","type":"image\/jpeg"}],"twitter_card":"summary_large_image","twitter_misc":{"Price":"","Availability":"In stock"},"schema":{"@context":"https:\/\/schema.org","@graph":[{"@type":["WebPage","ItemPage"],"@id":"https:\/\/cappiello.fr\/en\/produit\/la-belle-otero\/","url":"https:\/\/cappiello.fr\/en\/produit\/la-belle-otero\/","name":"Belle Otero (La) - Catalogue raisonn\u00e9 de Leonetto Cappiello","isPartOf":{"@id":"https:\/\/cappiello.fr\/en\/#website"},"primaryImageOfPage":{"@id":"https:\/\/cappiello.fr\/en\/produit\/la-belle-otero\/#primaryimage"},"image":{"@id":"https:\/\/cappiello.fr\/en\/produit\/la-belle-otero\/#primaryimage"},"thumbnailUrl":"https:\/\/cappiello.fr\/wp-content\/uploads\/2025\/12\/La-Belle-Otero-caricature-Cappiello-rotated.jpg","datePublished":"1898-09-03T16:51:13+00:00","dateModified":"2026-04-10T08:57:21+00:00","breadcrumb":{"@id":"https:\/\/cappiello.fr\/en\/produit\/la-belle-otero\/#breadcrumb"},"inLanguage":"en-US","potentialAction":[{"@type":"ReadAction","target":["https:\/\/cappiello.fr\/en\/produit\/la-belle-otero\/"]}]},{"@type":"ImageObject","inLanguage":"en-US","@id":"https:\/\/cappiello.fr\/en\/produit\/la-belle-otero\/#primaryimage","url":"https:\/\/cappiello.fr\/wp-content\/uploads\/2025\/12\/La-Belle-Otero-caricature-Cappiello-rotated.jpg","contentUrl":"https:\/\/cappiello.fr\/wp-content\/uploads\/2025\/12\/La-Belle-Otero-caricature-Cappiello-rotated.jpg","width":800,"height":1186,"caption":"La Belle Otero, Caricature de Cappiello"},{"@type":"BreadcrumbList","@id":"https:\/\/cappiello.fr\/en\/produit\/la-belle-otero\/#breadcrumb","itemListElement":[{"@type":"ListItem","position":1,"name":"Accueil","item":"https:\/\/cappiello.fr\/en\/"},{"@type":"ListItem","position":2,"name":"The works","item":"https:\/\/cappiello.fr\/en\/the-works\/"},{"@type":"ListItem","position":3,"name":"Belle Otero (La)"}]},{"@type":"WebSite","@id":"https:\/\/cappiello.fr\/en\/#website","url":"https:\/\/cappiello.fr\/en\/","name":"Catalogue raisonn\u00e9 de Leonetto Cappiello","description":"Plongez dans l&#039;univers de Leonetto Cappiello, le p\u00e8re de la publicit\u00e9 moderne","potentialAction":[{"@type":"SearchAction","target":{"@type":"EntryPoint","urlTemplate":"https:\/\/cappiello.fr\/en\/?s={search_term_string}"},"query-input":{"@type":"PropertyValueSpecification","valueRequired":true,"valueName":"search_term_string"}}],"inLanguage":"en-US"}]},"product_price_currency":"EUR","og_availability":"instock","product_availability":"instock","product_retailer_item_id":"R04","product_condition":"new"},"_links":{"self":[{"href":"https:\/\/cappiello.fr\/en\/wp-json\/wp\/v2\/product\/136166","targetHints":{"allow":["GET"]}}],"collection":[{"href":"https:\/\/cappiello.fr\/en\/wp-json\/wp\/v2\/product"}],"about":[{"href":"https:\/\/cappiello.fr\/en\/wp-json\/wp\/v2\/types\/product"}],"wp:featuredmedia":[{"embeddable":true,"href":"https:\/\/cappiello.fr\/en\/wp-json\/wp\/v2\/media\/136167"}],"wp:attachment":[{"href":"https:\/\/cappiello.fr\/en\/wp-json\/wp\/v2\/media?parent=136166"}],"wp:term":[{"taxonomy":"type-doeuvre","embeddable":true,"href":"https:\/\/cappiello.fr\/en\/wp-json\/wp\/v2\/type-doeuvre?post=136166"},{"taxonomy":"product_brand","embeddable":true,"href":"https:\/\/cappiello.fr\/en\/wp-json\/wp\/v2\/product_brand?post=136166"},{"taxonomy":"product_cat","embeddable":true,"href":"https:\/\/cappiello.fr\/en\/wp-json\/wp\/v2\/product_cat?post=136166"},{"taxonomy":"product_tag","embeddable":true,"href":"https:\/\/cappiello.fr\/en\/wp-json\/wp\/v2\/product_tag?post=136166"}],"curies":[{"name":"wp","href":"https:\/\/api.w.org\/{rel}","templated":true}]}}

<p>Chanteuse, danseuse, elle défraie la chronique par ses aventures amoureuses. Demi-mondaine, cliente de la maison Doucet, «La belle Otero»,<br />
«fougueuse Espagnole» est une «croqueuse de diamants». Avec Émilienne d&#8217;Alençon et Liane de Pougy, elles deviendront « les trois Grandes », les reines de Paris. 0n raconte que les carrossiers automobiles eux-mêmes, au début du siècle, prendront la mesure des chapeaux de Caroline Otero avant de sortir leurs nouveaux modèles (<em>La Belle Époque</em>, Gilbert Guilleminault, éd. Denoël, p. 163 à 186). Sa vie privée lui valut le surnom de «sirène du suicide» (<em>Music-hall et café-concert</em> d&#8217;André Sallée et Philippe Chauveau, éd. Bordas, p. 14). « Elle est jolie, jolie de cette beauté qui attire le désir et le retient [..,] elle a aussi un talent et une voix ravissants&#8230; » écrit <em>L&#8217;Écho de Paris</em> (Gidel, p. 139). Philippe Roberts-Jones notera : «il fallait pour la séduire, lui plaire ou être richissime et accepter d&#8217;être ruiné, car elle portait au cou des fortunes en diamants et dépensait des millions sur le tapis vert.» (<em>La  caricature</em>, 1850-1900, p.438). Très intime avec Colette (Francis et Gontier, éd. Perrin, <em>Colette</em>), elle compte, parmi ses admirateurs, Guillaume II, le Prince de Galles, Alphonse XIII, le Grand Duc Nicolas, Gabriele d&#8217;Annunzio, Aristide Briand&#8230;<Br><br />
Ce dessin paraîtra dans <em>Les plaisirs de Paris</em>, guide du «Rire» dans Paris et à l&#8217;exposition de 1900, p. 35, édité par Félix Juven, sous la rubrique : <em>Music-halls et cafés-concerts</em>.</p>

<p>R04: La belle Otero, Les Contemporaines n°11. Paraît dans <em>Le Rire</em> n°200 dernière page.<Br><br />
R04a : Portrait-charge de la Belle Otero, en costume d&#8217;Espagnole, dansant</p>

<!-- This site is optimized with the Yoast SEO Premium plugin v27.0 (Yoast SEO v27.4) - https://yoast.com/product/yoast-seo-premium-wordpress/ -->
<title>Belle Otero (La) - Catalogue raisonné de Leonetto Cappiello</title>
<meta name="robots" content="index, follow, max-snippet:-1, max-image-preview:large, max-video-preview:-1" />
<link rel="canonical" href="https://cappiello.fr/en/produit/la-belle-otero/" />
<meta property="og:locale" content="en_US" />
<meta property="og:type" content="article" />
<meta property="og:title" content="Belle Otero (La)" />
<meta property="og:description" content="R04: La belle Otero, Les Contemporaines n°11. Paraît dans Le Rire n°200 dernière page. R04a : Portrait-charge de la Belle Otero, en costume d&#039;Espagnole, dansant" />
<meta property="og:url" content="https://cappiello.fr/en/produit/la-belle-otero/" />
<meta property="og:site_name" content="Catalogue raisonné de Leonetto Cappiello" />
<meta property="article:modified_time" content="2026-04-10T08:57:21+00:00" />
<meta property="og:image" content="https://cappiello.fr/wp-content/uploads/2025/12/La-Belle-Otero-caricature-Cappiello-rotated.jpg" />
	<meta property="og:image:width" content="800" />
	<meta property="og:image:height" content="1186" />
	<meta property="og:image:type" content="image/jpeg" />
<meta name="twitter:card" content="summary_large_image" />
<meta name="twitter:label1" content="Price" />
	<meta name="twitter:data1" content="" />
	<meta name="twitter:label2" content="Availability" />
	<meta name="twitter:data2" content="In stock" />
<script type="application/ld+json" class="yoast-schema-graph">{"@context":"https:\/\/schema.org","@graph":[{"@type":["WebPage","ItemPage"],"@id":"https:\/\/cappiello.fr\/en\/produit\/la-belle-otero\/","url":"https:\/\/cappiello.fr\/en\/produit\/la-belle-otero\/","name":"Belle Otero (La) - Catalogue raisonné de Leonetto Cappiello","isPartOf":{"@id":"https:\/\/cappiello.fr\/en\/#website"},"primaryImageOfPage":{"@id":"https:\/\/cappiello.fr\/en\/produit\/la-belle-otero\/#primaryimage"},"image":{"@id":"https:\/\/cappiello.fr\/en\/produit\/la-belle-otero\/#primaryimage"},"thumbnailUrl":"https:\/\/cappiello.fr\/wp-content\/uploads\/2025\/12\/La-Belle-Otero-caricature-Cappiello-rotated.jpg","datePublished":"1898-09-03T16:51:13+00:00","dateModified":"2026-04-10T08:57:21+00:00","breadcrumb":{"@id":"https:\/\/cappiello.fr\/en\/produit\/la-belle-otero\/#breadcrumb"},"inLanguage":"en-US","potentialAction":[{"@type":"ReadAction","target":["https:\/\/cappiello.fr\/en\/produit\/la-belle-otero\/"]}]},{"@type":"ImageObject","inLanguage":"en-US","@id":"https:\/\/cappiello.fr\/en\/produit\/la-belle-otero\/#primaryimage","url":"https:\/\/cappiello.fr\/wp-content\/uploads\/2025\/12\/La-Belle-Otero-caricature-Cappiello-rotated.jpg","contentUrl":"https:\/\/cappiello.fr\/wp-content\/uploads\/2025\/12\/La-Belle-Otero-caricature-Cappiello-rotated.jpg","width":800,"height":1186,"caption":"La Belle Otero, Caricature de Cappiello"},{"@type":"BreadcrumbList","@id":"https:\/\/cappiello.fr\/en\/produit\/la-belle-otero\/#breadcrumb","itemListElement":[{"@type":"ListItem","position":1,"name":"Accueil","item":"https:\/\/cappiello.fr\/en\/"},{"@type":"ListItem","position":2,"name":"The works","item":"https:\/\/cappiello.fr\/en\/the-works\/"},{"@type":"ListItem","position":3,"name":"Belle Otero (La)"}]},{"@type":"WebSite","@id":"https:\/\/cappiello.fr\/en\/#website","url":"https:\/\/cappiello.fr\/en\/","name":"Catalogue raisonné de Leonetto Cappiello","description":"Plongez dans l&#039;univers de Leonetto Cappiello, le père de la publicité moderne","potentialAction":[{"@type":"SearchAction","target":{"@type":"EntryPoint","urlTemplate":"https:\/\/cappiello.fr\/en\/?s={search_term_string}"},"query-input":{"@type":"PropertyValueSpecification","valueRequired":true,"valueName":"search_term_string"}}],"inLanguage":"en-US"}]}</script>
<meta property="product:price:currency" content="EUR" />
<meta property="og:availability" content="instock" />
<meta property="product:availability" content="instock" />
<meta property="product:retailer_item_id" content="R04" />
<meta property="product:condition" content="new" />
<!-- / Yoast SEO Premium plugin. -->

Belle Otero (La) - Catalogue raisonné de Leonetto Cappiello

R04: La belle Otero, Les Contemporaines n°11. Paraît dans Le Rire n°200 dernière page. R04a : Portrait-charge de la Belle Otero, en costume d'Espagnole, dansant

Catalogue raisonné de Leonetto Cappiello

Plongez dans l&#039;univers de Leonetto Cappiello, le père de la publicité moderne
