{"id":136180,"date":"1898-12-03T11:15:35","date_gmt":"1898-12-03T11:06:14","guid":{"rendered":"https:\/\/cappiello.fr\/?post_type=product&#038;p=136180"},"modified":"2026-04-16T15:38:27","modified_gmt":"2026-04-16T13:38:27","slug":"jeanne-granier-2","status":"publish","type":"product","link":"https:\/\/cappiello.fr\/en\/produit\/jeanne-granier-2\/","title":{"rendered":"Jeanne Granier"},"content":{"rendered":"<p>Ce dessin repr\u00e9sente Jeanne Granier dans Le <em>Nouveau Jeu<\/em> d&#8217;Henri Lavedan aux Vari\u00e9t\u00e9s. Il a \u00e9t\u00e9 repris dans <em>Nos Actrices<\/em>.<br \/>\nC&#8217;est une chanteuse d&#8217;op\u00e9rette de talent, Albert Carr\u00e9 parle de l&#8217;exceptionnelle puret\u00e9 de son timbre dans <em>Souvenirs de th\u00e9\u00e2tre<\/em>, p. 90). Elle interpr\u00e8te Lecoq et Offenbach puis, l&#8217;\u00e2ge alt\u00e9rant sa voix, elle devient com\u00e9dienne. Elle cr\u00e9e <em>Amants<\/em> de Maurice Donnay, en 1895, sur la sc\u00e8ne de la Renaissance o\u00f9 elle se r\u00e9v\u00e8le admirable de finesse, d&#8217;\u00e9motion, d&#8217;ironie et de tendresse, \u00e0 la fois railleuse, profonde et l\u00e9g\u00e8re&#8230; et devient l&#8217;interpr\u00e8te id\u00e9ale des auteurs contemporains (Albert Carre, p. 91). Son rire impressionne Jules Renard (<em>Lettres retrouv\u00e9es<\/em>, p. 2O4)..<\/p>\n","protected":false},"excerpt":{"rendered":"<p>R06 : Jeanne Granier, Les Contemporaines n\u00b0III. Para\u00eet dans <em>Le Rire<\/em> n\u00b0213 , derni\u00e8re page.<br \/>\nR06a : Original<br \/>\nR06b : Variante grand format<br \/>\nR06c : Croquis caricatural<\/p>\n","protected":false},"featured_media":136181,"template":"","meta":{"_acf_changed":false},"type-doeuvre":[4056],"product_brand":[],"product_cat":[4067,4073,4074],"product_tag":[3217,4105,2474],"class_list":{"0":"post-136180","1":"product","2":"type-product","3":"status-publish","4":"has-post-thumbnail","6":"type-doeuvre-caricatures","7":"product_cat-actrice","8":"product_cat-chanteur-lyrique","9":"product_cat-chanteur-populaire","10":"product_tag-bijou","11":"product_tag-decollete","12":"product_tag-noeud","13":"pa_type-de-contenu-caricature-de-divertissement","15":"first","16":"instock","17":"shipping-taxable","18":"product-type-simple"},"acf":[],"yoast_head":"<!-- This site is optimized with the Yoast SEO Premium plugin v27.0 (Yoast SEO v27.4) - https:\/\/yoast.com\/product\/yoast-seo-premium-wordpress\/ -->\n<title>Jeanne Granier - Catalogue raisonn\u00e9 de Leonetto Cappiello<\/title>\n<meta name=\"robots\" content=\"index, follow, max-snippet:-1, max-image-preview:large, max-video-preview:-1\" \/>\n<link rel=\"canonical\" href=\"https:\/\/cappiello.fr\/en\/produit\/jeanne-granier-2\/\" \/>\n<meta property=\"og:locale\" content=\"en_US\" \/>\n<meta property=\"og:type\" content=\"article\" \/>\n<meta property=\"og:title\" content=\"Jeanne Granier\" \/>\n<meta property=\"og:description\" content=\"R06 : Jeanne Granier, Les Contemporaines n\u00b0III. Para\u00eet dans Le Rire n\u00b0213 , derni\u00e8re page. R06a : Original R06b : Variante grand format R06c : Croquis caricatural\" \/>\n<meta property=\"og:url\" content=\"https:\/\/cappiello.fr\/en\/produit\/jeanne-granier-2\/\" \/>\n<meta property=\"og:site_name\" content=\"Catalogue raisonn\u00e9 de Leonetto Cappiello\" \/>\n<meta property=\"article:modified_time\" content=\"2026-04-16T13:38:27+00:00\" \/>\n<meta property=\"og:image\" content=\"https:\/\/cappiello.fr\/wp-content\/uploads\/2026\/01\/Jeanne-Granier-caricature-Cappiello.jpg\" \/>\n\t<meta property=\"og:image:width\" content=\"562\" \/>\n\t<meta property=\"og:image:height\" content=\"800\" \/>\n\t<meta property=\"og:image:type\" content=\"image\/jpeg\" \/>\n<meta name=\"twitter:card\" content=\"summary_large_image\" \/>\n<meta name=\"twitter:label1\" content=\"Price\" \/>\n\t<meta name=\"twitter:data1\" content=\"\" \/>\n\t<meta name=\"twitter:label2\" content=\"Availability\" \/>\n\t<meta name=\"twitter:data2\" content=\"In stock\" \/>\n<script type=\"application\/ld+json\" class=\"yoast-schema-graph\">{\"@context\":\"https:\\\/\\\/schema.org\",\"@graph\":[{\"@type\":[\"WebPage\",\"ItemPage\"],\"@id\":\"https:\\\/\\\/cappiello.fr\\\/en\\\/produit\\\/jeanne-granier-2\\\/\",\"url\":\"https:\\\/\\\/cappiello.fr\\\/en\\\/produit\\\/jeanne-granier-2\\\/\",\"name\":\"Jeanne Granier - Catalogue raisonn\u00e9 de Leonetto Cappiello\",\"isPartOf\":{\"@id\":\"https:\\\/\\\/cappiello.fr\\\/en\\\/#website\"},\"primaryImageOfPage\":{\"@id\":\"https:\\\/\\\/cappiello.fr\\\/en\\\/produit\\\/jeanne-granier-2\\\/#primaryimage\"},\"image\":{\"@id\":\"https:\\\/\\\/cappiello.fr\\\/en\\\/produit\\\/jeanne-granier-2\\\/#primaryimage\"},\"thumbnailUrl\":\"https:\\\/\\\/cappiello.fr\\\/wp-content\\\/uploads\\\/2026\\\/01\\\/Jeanne-Granier-caricature-Cappiello.jpg\",\"datePublished\":\"1898-12-03T11:06:14+00:00\",\"dateModified\":\"2026-04-16T13:38:27+00:00\",\"breadcrumb\":{\"@id\":\"https:\\\/\\\/cappiello.fr\\\/en\\\/produit\\\/jeanne-granier-2\\\/#breadcrumb\"},\"inLanguage\":\"en-US\",\"potentialAction\":[{\"@type\":\"ReadAction\",\"target\":[\"https:\\\/\\\/cappiello.fr\\\/en\\\/produit\\\/jeanne-granier-2\\\/\"]}]},{\"@type\":\"ImageObject\",\"inLanguage\":\"en-US\",\"@id\":\"https:\\\/\\\/cappiello.fr\\\/en\\\/produit\\\/jeanne-granier-2\\\/#primaryimage\",\"url\":\"https:\\\/\\\/cappiello.fr\\\/wp-content\\\/uploads\\\/2026\\\/01\\\/Jeanne-Granier-caricature-Cappiello.jpg\",\"contentUrl\":\"https:\\\/\\\/cappiello.fr\\\/wp-content\\\/uploads\\\/2026\\\/01\\\/Jeanne-Granier-caricature-Cappiello.jpg\",\"width\":562,\"height\":800,\"caption\":\"Jeanne Granier, caricature de Cappiello\"},{\"@type\":\"BreadcrumbList\",\"@id\":\"https:\\\/\\\/cappiello.fr\\\/en\\\/produit\\\/jeanne-granier-2\\\/#breadcrumb\",\"itemListElement\":[{\"@type\":\"ListItem\",\"position\":1,\"name\":\"Accueil\",\"item\":\"https:\\\/\\\/cappiello.fr\\\/en\\\/\"},{\"@type\":\"ListItem\",\"position\":2,\"name\":\"The works\",\"item\":\"https:\\\/\\\/cappiello.fr\\\/en\\\/the-works\\\/\"},{\"@type\":\"ListItem\",\"position\":3,\"name\":\"Jeanne Granier\"}]},{\"@type\":\"WebSite\",\"@id\":\"https:\\\/\\\/cappiello.fr\\\/en\\\/#website\",\"url\":\"https:\\\/\\\/cappiello.fr\\\/en\\\/\",\"name\":\"Catalogue raisonn\u00e9 de Leonetto Cappiello\",\"description\":\"Plongez dans l&#039;univers de Leonetto Cappiello, le p\u00e8re de la publicit\u00e9 moderne\",\"potentialAction\":[{\"@type\":\"SearchAction\",\"target\":{\"@type\":\"EntryPoint\",\"urlTemplate\":\"https:\\\/\\\/cappiello.fr\\\/en\\\/?s={search_term_string}\"},\"query-input\":{\"@type\":\"PropertyValueSpecification\",\"valueRequired\":true,\"valueName\":\"search_term_string\"}}],\"inLanguage\":\"en-US\"}]}<\/script>\n<meta property=\"product:price:currency\" content=\"EUR\" \/>\n<meta property=\"og:availability\" content=\"instock\" \/>\n<meta property=\"product:availability\" content=\"instock\" \/>\n<meta property=\"product:retailer_item_id\" content=\"R06\" \/>\n<meta property=\"product:condition\" content=\"new\" \/>\n<!-- \/ Yoast SEO Premium plugin. -->","yoast_head_json":{"title":"Jeanne Granier - Catalogue raisonn\u00e9 de Leonetto Cappiello","robots":{"index":"index","follow":"follow","max-snippet":"max-snippet:-1","max-image-preview":"max-image-preview:large","max-video-preview":"max-video-preview:-1"},"canonical":"https:\/\/cappiello.fr\/en\/produit\/jeanne-granier-2\/","og_locale":"en_US","og_type":"article","og_title":"Jeanne Granier","og_description":"R06 : Jeanne Granier, Les Contemporaines n\u00b0III. Para\u00eet dans Le Rire n\u00b0213 , derni\u00e8re page. R06a : Original R06b : Variante grand format R06c : Croquis caricatural","og_url":"https:\/\/cappiello.fr\/en\/produit\/jeanne-granier-2\/","og_site_name":"Catalogue raisonn\u00e9 de Leonetto Cappiello","article_modified_time":"2026-04-16T13:38:27+00:00","og_image":[{"width":562,"height":800,"url":"https:\/\/cappiello.fr\/wp-content\/uploads\/2026\/01\/Jeanne-Granier-caricature-Cappiello.jpg","type":"image\/jpeg"}],"twitter_card":"summary_large_image","twitter_misc":{"Price":"","Availability":"In stock"},"schema":{"@context":"https:\/\/schema.org","@graph":[{"@type":["WebPage","ItemPage"],"@id":"https:\/\/cappiello.fr\/en\/produit\/jeanne-granier-2\/","url":"https:\/\/cappiello.fr\/en\/produit\/jeanne-granier-2\/","name":"Jeanne Granier - Catalogue raisonn\u00e9 de Leonetto Cappiello","isPartOf":{"@id":"https:\/\/cappiello.fr\/en\/#website"},"primaryImageOfPage":{"@id":"https:\/\/cappiello.fr\/en\/produit\/jeanne-granier-2\/#primaryimage"},"image":{"@id":"https:\/\/cappiello.fr\/en\/produit\/jeanne-granier-2\/#primaryimage"},"thumbnailUrl":"https:\/\/cappiello.fr\/wp-content\/uploads\/2026\/01\/Jeanne-Granier-caricature-Cappiello.jpg","datePublished":"1898-12-03T11:06:14+00:00","dateModified":"2026-04-16T13:38:27+00:00","breadcrumb":{"@id":"https:\/\/cappiello.fr\/en\/produit\/jeanne-granier-2\/#breadcrumb"},"inLanguage":"en-US","potentialAction":[{"@type":"ReadAction","target":["https:\/\/cappiello.fr\/en\/produit\/jeanne-granier-2\/"]}]},{"@type":"ImageObject","inLanguage":"en-US","@id":"https:\/\/cappiello.fr\/en\/produit\/jeanne-granier-2\/#primaryimage","url":"https:\/\/cappiello.fr\/wp-content\/uploads\/2026\/01\/Jeanne-Granier-caricature-Cappiello.jpg","contentUrl":"https:\/\/cappiello.fr\/wp-content\/uploads\/2026\/01\/Jeanne-Granier-caricature-Cappiello.jpg","width":562,"height":800,"caption":"Jeanne Granier, caricature de Cappiello"},{"@type":"BreadcrumbList","@id":"https:\/\/cappiello.fr\/en\/produit\/jeanne-granier-2\/#breadcrumb","itemListElement":[{"@type":"ListItem","position":1,"name":"Accueil","item":"https:\/\/cappiello.fr\/en\/"},{"@type":"ListItem","position":2,"name":"The works","item":"https:\/\/cappiello.fr\/en\/the-works\/"},{"@type":"ListItem","position":3,"name":"Jeanne Granier"}]},{"@type":"WebSite","@id":"https:\/\/cappiello.fr\/en\/#website","url":"https:\/\/cappiello.fr\/en\/","name":"Catalogue raisonn\u00e9 de Leonetto Cappiello","description":"Plongez dans l&#039;univers de Leonetto Cappiello, le p\u00e8re de la publicit\u00e9 moderne","potentialAction":[{"@type":"SearchAction","target":{"@type":"EntryPoint","urlTemplate":"https:\/\/cappiello.fr\/en\/?s={search_term_string}"},"query-input":{"@type":"PropertyValueSpecification","valueRequired":true,"valueName":"search_term_string"}}],"inLanguage":"en-US"}]},"product_price_currency":"EUR","og_availability":"instock","product_availability":"instock","product_retailer_item_id":"R06","product_condition":"new"},"_links":{"self":[{"href":"https:\/\/cappiello.fr\/en\/wp-json\/wp\/v2\/product\/136180","targetHints":{"allow":["GET"]}}],"collection":[{"href":"https:\/\/cappiello.fr\/en\/wp-json\/wp\/v2\/product"}],"about":[{"href":"https:\/\/cappiello.fr\/en\/wp-json\/wp\/v2\/types\/product"}],"wp:featuredmedia":[{"embeddable":true,"href":"https:\/\/cappiello.fr\/en\/wp-json\/wp\/v2\/media\/136181"}],"wp:attachment":[{"href":"https:\/\/cappiello.fr\/en\/wp-json\/wp\/v2\/media?parent=136180"}],"wp:term":[{"taxonomy":"type-doeuvre","embeddable":true,"href":"https:\/\/cappiello.fr\/en\/wp-json\/wp\/v2\/type-doeuvre?post=136180"},{"taxonomy":"product_brand","embeddable":true,"href":"https:\/\/cappiello.fr\/en\/wp-json\/wp\/v2\/product_brand?post=136180"},{"taxonomy":"product_cat","embeddable":true,"href":"https:\/\/cappiello.fr\/en\/wp-json\/wp\/v2\/product_cat?post=136180"},{"taxonomy":"product_tag","embeddable":true,"href":"https:\/\/cappiello.fr\/en\/wp-json\/wp\/v2\/product_tag?post=136180"}],"curies":[{"name":"wp","href":"https:\/\/api.w.org\/{rel}","templated":true}]}}

<p>Ce dessin représente Jeanne Granier dans Le <em>Nouveau Jeu</em> d&#8217;Henri Lavedan aux Variétés. Il a été repris dans <em>Nos Actrices</em>.<br />
C&#8217;est une chanteuse d&#8217;opérette de talent, Albert Carré parle de l&#8217;exceptionnelle pureté de son timbre dans <em>Souvenirs de théâtre</em>, p. 90). Elle interprète Lecoq et Offenbach puis, l&#8217;âge altérant sa voix, elle devient comédienne. Elle crée <em>Amants</em> de Maurice Donnay, en 1895, sur la scène de la Renaissance où elle se révèle admirable de finesse, d&#8217;émotion, d&#8217;ironie et de tendresse, à la fois railleuse, profonde et légère&#8230; et devient l&#8217;interprète idéale des auteurs contemporains (Albert Carre, p. 91). Son rire impressionne Jules Renard (<em>Lettres retrouvées</em>, p. 2O4)..</p>

<p>R06 : Jeanne Granier, Les Contemporaines n°III. Paraît dans <em>Le Rire</em> n°213 , dernière page.<br />
R06a : Original<br />
R06b : Variante grand format<br />
R06c : Croquis caricatural</p>

<!-- This site is optimized with the Yoast SEO Premium plugin v27.0 (Yoast SEO v27.4) - https://yoast.com/product/yoast-seo-premium-wordpress/ -->
<title>Jeanne Granier - Catalogue raisonné de Leonetto Cappiello</title>
<meta name="robots" content="index, follow, max-snippet:-1, max-image-preview:large, max-video-preview:-1" />
<link rel="canonical" href="https://cappiello.fr/en/produit/jeanne-granier-2/" />
<meta property="og:locale" content="en_US" />
<meta property="og:type" content="article" />
<meta property="og:title" content="Jeanne Granier" />
<meta property="og:description" content="R06 : Jeanne Granier, Les Contemporaines n°III. Paraît dans Le Rire n°213 , dernière page. R06a : Original R06b : Variante grand format R06c : Croquis caricatural" />
<meta property="og:url" content="https://cappiello.fr/en/produit/jeanne-granier-2/" />
<meta property="og:site_name" content="Catalogue raisonné de Leonetto Cappiello" />
<meta property="article:modified_time" content="2026-04-16T13:38:27+00:00" />
<meta property="og:image" content="https://cappiello.fr/wp-content/uploads/2026/01/Jeanne-Granier-caricature-Cappiello.jpg" />
	<meta property="og:image:width" content="562" />
	<meta property="og:image:height" content="800" />
	<meta property="og:image:type" content="image/jpeg" />
<meta name="twitter:card" content="summary_large_image" />
<meta name="twitter:label1" content="Price" />
	<meta name="twitter:data1" content="" />
	<meta name="twitter:label2" content="Availability" />
	<meta name="twitter:data2" content="In stock" />
<script type="application/ld+json" class="yoast-schema-graph">{"@context":"https:\/\/schema.org","@graph":[{"@type":["WebPage","ItemPage"],"@id":"https:\/\/cappiello.fr\/en\/produit\/jeanne-granier-2\/","url":"https:\/\/cappiello.fr\/en\/produit\/jeanne-granier-2\/","name":"Jeanne Granier - Catalogue raisonné de Leonetto Cappiello","isPartOf":{"@id":"https:\/\/cappiello.fr\/en\/#website"},"primaryImageOfPage":{"@id":"https:\/\/cappiello.fr\/en\/produit\/jeanne-granier-2\/#primaryimage"},"image":{"@id":"https:\/\/cappiello.fr\/en\/produit\/jeanne-granier-2\/#primaryimage"},"thumbnailUrl":"https:\/\/cappiello.fr\/wp-content\/uploads\/2026\/01\/Jeanne-Granier-caricature-Cappiello.jpg","datePublished":"1898-12-03T11:06:14+00:00","dateModified":"2026-04-16T13:38:27+00:00","breadcrumb":{"@id":"https:\/\/cappiello.fr\/en\/produit\/jeanne-granier-2\/#breadcrumb"},"inLanguage":"en-US","potentialAction":[{"@type":"ReadAction","target":["https:\/\/cappiello.fr\/en\/produit\/jeanne-granier-2\/"]}]},{"@type":"ImageObject","inLanguage":"en-US","@id":"https:\/\/cappiello.fr\/en\/produit\/jeanne-granier-2\/#primaryimage","url":"https:\/\/cappiello.fr\/wp-content\/uploads\/2026\/01\/Jeanne-Granier-caricature-Cappiello.jpg","contentUrl":"https:\/\/cappiello.fr\/wp-content\/uploads\/2026\/01\/Jeanne-Granier-caricature-Cappiello.jpg","width":562,"height":800,"caption":"Jeanne Granier, caricature de Cappiello"},{"@type":"BreadcrumbList","@id":"https:\/\/cappiello.fr\/en\/produit\/jeanne-granier-2\/#breadcrumb","itemListElement":[{"@type":"ListItem","position":1,"name":"Accueil","item":"https:\/\/cappiello.fr\/en\/"},{"@type":"ListItem","position":2,"name":"The works","item":"https:\/\/cappiello.fr\/en\/the-works\/"},{"@type":"ListItem","position":3,"name":"Jeanne Granier"}]},{"@type":"WebSite","@id":"https:\/\/cappiello.fr\/en\/#website","url":"https:\/\/cappiello.fr\/en\/","name":"Catalogue raisonné de Leonetto Cappiello","description":"Plongez dans l&#039;univers de Leonetto Cappiello, le père de la publicité moderne","potentialAction":[{"@type":"SearchAction","target":{"@type":"EntryPoint","urlTemplate":"https:\/\/cappiello.fr\/en\/?s={search_term_string}"},"query-input":{"@type":"PropertyValueSpecification","valueRequired":true,"valueName":"search_term_string"}}],"inLanguage":"en-US"}]}</script>
<meta property="product:price:currency" content="EUR" />
<meta property="og:availability" content="instock" />
<meta property="product:availability" content="instock" />
<meta property="product:retailer_item_id" content="R06" />
<meta property="product:condition" content="new" />
<!-- / Yoast SEO Premium plugin. -->

Jeanne Granier - Catalogue raisonné de Leonetto Cappiello

R06 : Jeanne Granier, Les Contemporaines n°III. Paraît dans Le Rire n°213 , dernière page. R06a : Original R06b : Variante grand format R06c : Croquis caricatural

Catalogue raisonné de Leonetto Cappiello

Plongez dans l&#039;univers de Leonetto Cappiello, le père de la publicité moderne
