{"id":136218,"date":"1899-04-01T09:19:56","date_gmt":"1899-04-01T09:10:35","guid":{"rendered":"https:\/\/cappiello.fr\/?post_type=product&#038;p=136218"},"modified":"2026-04-10T11:30:21","modified_gmt":"2026-04-10T09:30:21","slug":"monsieur-mounet-sully-de-bergerac","status":"publish","type":"product","link":"https:\/\/cappiello.fr\/en\/produit\/monsieur-mounet-sully-de-bergerac\/","title":{"rendered":"Monsieur Mounet-Sully, de Bergerac"},"content":{"rendered":"<p>R12 : Mounet-Sully dans <em>\u0152dipe roi<\/em>.<Br><br \/>\nLe talent exceptionnel de Jean Mounet-Sully en fait le trag\u00e9dien le plus illustre de la Com\u00e9die-Fran\u00e7aise. Arthur Gold et Robert Fizdale \u00e9crivent dans <em>Sarah Bernhardt<\/em>, p. 109 ; \u00ab Avec sa t\u00eate l\u00e9onine, sa crini\u00e8re ch\u00e2tain \u00e9bouriff\u00e9e, ses traits cisel\u00e9s et son corps de gladiateur, il \u00e9tait l&#8217;id\u00e9al baroque du h\u00e9ros racinien. La d\u00e9mesure de ses gestes avait quelque chose de grandiose.<br \/>\nSa voix \u00e9tait d&#8217;une puissance extraordinaire, et Sacha Guitry devait dire: &#8220;En ville, il vous parlait comme de l&#8217;autre c\u00f4t\u00e9 d&#8217;une large rivi\u00e8re.&#8221; \u00bb Mounet-Sully, \u00able sublime\u00bb, \u00e9crit Jacques Porel dans ses Souvenirs, p. 167 . <Br><br \/>\nIl a eu avec Sarah Bernhardt, sa partenaire au th\u00e9\u00e2tre, une liaison troublante et tumultueuse.<Br><br \/>\nCe portrait para\u00eetra dans <em>Les Plaisirs de Paris<\/em>, guide du \u00abRire\u00bb dans Paris et \u00e0 l&#8217;exposition de 1900, \u00e9dit\u00e9 par F\u00e9lix Juven, p. 8, sous la rubrique: <em>Th\u00e9\u00e2tre Fran\u00e7ais<\/em> (place de l&#8217;Od\u00e9on).<\/p>\n","protected":false},"excerpt":{"rendered":"<p>R12 : Monsieur Mounet-Sully, de Bergerac \/ Figures parisienne, para\u00eet dans <em>Le Rire<\/em> n\u00b0230, derni\u00e8re page.<Br><br \/>\nR12a : Portrait-charge de Mounet-Sully dans <em>\u0152dipe roi<\/em>.<Br><br \/>\nR12b : Portrait-charge, \u00e9tude<Br><br \/>\nRF 37427 : Vignette<\/p>\n","protected":false},"featured_media":136220,"template":"","meta":{"_acf_changed":false},"type-doeuvre":[4056],"product_brand":[],"product_cat":[4066],"product_tag":[2338,4097,4098],"class_list":{"0":"post-136218","1":"product","2":"type-product","3":"status-publish","4":"has-post-thumbnail","6":"type-doeuvre-caricatures","7":"product_cat-acteur","8":"product_tag-barbe","9":"product_tag-mi-corps","10":"product_tag-toge","11":"pa_type-de-contenu-caricature-de-divertissement","13":"first","14":"instock","15":"shipping-taxable","16":"product-type-simple"},"acf":[],"yoast_head":"<!-- This site is optimized with the Yoast SEO Premium plugin v27.0 (Yoast SEO v27.4) - https:\/\/yoast.com\/product\/yoast-seo-premium-wordpress\/ -->\n<title>Monsieur Mounet-Sully, de Bergerac - Catalogue raisonn\u00e9 de Leonetto Cappiello<\/title>\n<meta name=\"robots\" content=\"index, follow, max-snippet:-1, max-image-preview:large, max-video-preview:-1\" \/>\n<link rel=\"canonical\" href=\"https:\/\/cappiello.fr\/en\/produit\/monsieur-mounet-sully-de-bergerac\/\" \/>\n<meta property=\"og:locale\" content=\"en_US\" \/>\n<meta property=\"og:type\" content=\"article\" \/>\n<meta property=\"og:title\" content=\"Monsieur Mounet-Sully, de Bergerac\" \/>\n<meta property=\"og:description\" content=\"R12 : Monsieur Mounet-Sully, de Bergerac \/ Figures parisienne, para\u00eet dans Le Rire n\u00b0230, derni\u00e8re page. R12a : Portrait-charge de Mounet-Sully dans \u0152dipe roi. R12b : Portrait-charge, \u00e9tude RF 37427 : Vignette\" \/>\n<meta property=\"og:url\" content=\"https:\/\/cappiello.fr\/en\/produit\/monsieur-mounet-sully-de-bergerac\/\" \/>\n<meta property=\"og:site_name\" content=\"Catalogue raisonn\u00e9 de Leonetto Cappiello\" \/>\n<meta property=\"article:modified_time\" content=\"2026-04-10T09:30:21+00:00\" \/>\n<meta property=\"og:image\" content=\"https:\/\/cappiello.fr\/wp-content\/uploads\/1899\/04\/Monsieur-Mounet-Sully-de-Bergerac-caricature-Cappiello.jpg\" \/>\n\t<meta property=\"og:image:width\" content=\"539\" \/>\n\t<meta property=\"og:image:height\" content=\"800\" \/>\n\t<meta property=\"og:image:type\" content=\"image\/jpeg\" \/>\n<meta name=\"twitter:card\" content=\"summary_large_image\" \/>\n<meta name=\"twitter:label1\" content=\"Price\" \/>\n\t<meta name=\"twitter:data1\" content=\"\" \/>\n\t<meta name=\"twitter:label2\" content=\"Availability\" \/>\n\t<meta name=\"twitter:data2\" content=\"In stock\" \/>\n<script type=\"application\/ld+json\" class=\"yoast-schema-graph\">{\"@context\":\"https:\\\/\\\/schema.org\",\"@graph\":[{\"@type\":[\"WebPage\",\"ItemPage\"],\"@id\":\"https:\\\/\\\/cappiello.fr\\\/en\\\/produit\\\/monsieur-mounet-sully-de-bergerac\\\/\",\"url\":\"https:\\\/\\\/cappiello.fr\\\/en\\\/produit\\\/monsieur-mounet-sully-de-bergerac\\\/\",\"name\":\"Monsieur Mounet-Sully, de Bergerac - Catalogue raisonn\u00e9 de Leonetto Cappiello\",\"isPartOf\":{\"@id\":\"https:\\\/\\\/cappiello.fr\\\/en\\\/#website\"},\"primaryImageOfPage\":{\"@id\":\"https:\\\/\\\/cappiello.fr\\\/en\\\/produit\\\/monsieur-mounet-sully-de-bergerac\\\/#primaryimage\"},\"image\":{\"@id\":\"https:\\\/\\\/cappiello.fr\\\/en\\\/produit\\\/monsieur-mounet-sully-de-bergerac\\\/#primaryimage\"},\"thumbnailUrl\":\"https:\\\/\\\/cappiello.fr\\\/wp-content\\\/uploads\\\/1899\\\/04\\\/Monsieur-Mounet-Sully-de-Bergerac-caricature-Cappiello.jpg\",\"datePublished\":\"1899-04-01T09:10:35+00:00\",\"dateModified\":\"2026-04-10T09:30:21+00:00\",\"breadcrumb\":{\"@id\":\"https:\\\/\\\/cappiello.fr\\\/en\\\/produit\\\/monsieur-mounet-sully-de-bergerac\\\/#breadcrumb\"},\"inLanguage\":\"en-US\",\"potentialAction\":[{\"@type\":\"ReadAction\",\"target\":[\"https:\\\/\\\/cappiello.fr\\\/en\\\/produit\\\/monsieur-mounet-sully-de-bergerac\\\/\"]}]},{\"@type\":\"ImageObject\",\"inLanguage\":\"en-US\",\"@id\":\"https:\\\/\\\/cappiello.fr\\\/en\\\/produit\\\/monsieur-mounet-sully-de-bergerac\\\/#primaryimage\",\"url\":\"https:\\\/\\\/cappiello.fr\\\/wp-content\\\/uploads\\\/1899\\\/04\\\/Monsieur-Mounet-Sully-de-Bergerac-caricature-Cappiello.jpg\",\"contentUrl\":\"https:\\\/\\\/cappiello.fr\\\/wp-content\\\/uploads\\\/1899\\\/04\\\/Monsieur-Mounet-Sully-de-Bergerac-caricature-Cappiello.jpg\",\"width\":539,\"height\":800,\"caption\":\"Monsieur Mounet-Sully de Bergerac, caricature de Cappiello\"},{\"@type\":\"BreadcrumbList\",\"@id\":\"https:\\\/\\\/cappiello.fr\\\/en\\\/produit\\\/monsieur-mounet-sully-de-bergerac\\\/#breadcrumb\",\"itemListElement\":[{\"@type\":\"ListItem\",\"position\":1,\"name\":\"Accueil\",\"item\":\"https:\\\/\\\/cappiello.fr\\\/en\\\/\"},{\"@type\":\"ListItem\",\"position\":2,\"name\":\"The works\",\"item\":\"https:\\\/\\\/cappiello.fr\\\/en\\\/the-works\\\/\"},{\"@type\":\"ListItem\",\"position\":3,\"name\":\"Monsieur Mounet-Sully, de Bergerac\"}]},{\"@type\":\"WebSite\",\"@id\":\"https:\\\/\\\/cappiello.fr\\\/en\\\/#website\",\"url\":\"https:\\\/\\\/cappiello.fr\\\/en\\\/\",\"name\":\"Catalogue raisonn\u00e9 de Leonetto Cappiello\",\"description\":\"Plongez dans l&#039;univers de Leonetto Cappiello, le p\u00e8re de la publicit\u00e9 moderne\",\"potentialAction\":[{\"@type\":\"SearchAction\",\"target\":{\"@type\":\"EntryPoint\",\"urlTemplate\":\"https:\\\/\\\/cappiello.fr\\\/en\\\/?s={search_term_string}\"},\"query-input\":{\"@type\":\"PropertyValueSpecification\",\"valueRequired\":true,\"valueName\":\"search_term_string\"}}],\"inLanguage\":\"en-US\"}]}<\/script>\n<meta property=\"product:price:currency\" content=\"EUR\" \/>\n<meta property=\"og:availability\" content=\"instock\" \/>\n<meta property=\"product:availability\" content=\"instock\" \/>\n<meta property=\"product:retailer_item_id\" content=\"R12\" \/>\n<meta property=\"product:condition\" content=\"new\" \/>\n<!-- \/ Yoast SEO Premium plugin. -->","yoast_head_json":{"title":"Monsieur Mounet-Sully, de Bergerac - Catalogue raisonn\u00e9 de Leonetto Cappiello","robots":{"index":"index","follow":"follow","max-snippet":"max-snippet:-1","max-image-preview":"max-image-preview:large","max-video-preview":"max-video-preview:-1"},"canonical":"https:\/\/cappiello.fr\/en\/produit\/monsieur-mounet-sully-de-bergerac\/","og_locale":"en_US","og_type":"article","og_title":"Monsieur Mounet-Sully, de Bergerac","og_description":"R12 : Monsieur Mounet-Sully, de Bergerac \/ Figures parisienne, para\u00eet dans Le Rire n\u00b0230, derni\u00e8re page. R12a : Portrait-charge de Mounet-Sully dans \u0152dipe roi. R12b : Portrait-charge, \u00e9tude RF 37427 : Vignette","og_url":"https:\/\/cappiello.fr\/en\/produit\/monsieur-mounet-sully-de-bergerac\/","og_site_name":"Catalogue raisonn\u00e9 de Leonetto Cappiello","article_modified_time":"2026-04-10T09:30:21+00:00","og_image":[{"width":539,"height":800,"url":"https:\/\/cappiello.fr\/wp-content\/uploads\/1899\/04\/Monsieur-Mounet-Sully-de-Bergerac-caricature-Cappiello.jpg","type":"image\/jpeg"}],"twitter_card":"summary_large_image","twitter_misc":{"Price":"","Availability":"In stock"},"schema":{"@context":"https:\/\/schema.org","@graph":[{"@type":["WebPage","ItemPage"],"@id":"https:\/\/cappiello.fr\/en\/produit\/monsieur-mounet-sully-de-bergerac\/","url":"https:\/\/cappiello.fr\/en\/produit\/monsieur-mounet-sully-de-bergerac\/","name":"Monsieur Mounet-Sully, de Bergerac - Catalogue raisonn\u00e9 de Leonetto Cappiello","isPartOf":{"@id":"https:\/\/cappiello.fr\/en\/#website"},"primaryImageOfPage":{"@id":"https:\/\/cappiello.fr\/en\/produit\/monsieur-mounet-sully-de-bergerac\/#primaryimage"},"image":{"@id":"https:\/\/cappiello.fr\/en\/produit\/monsieur-mounet-sully-de-bergerac\/#primaryimage"},"thumbnailUrl":"https:\/\/cappiello.fr\/wp-content\/uploads\/1899\/04\/Monsieur-Mounet-Sully-de-Bergerac-caricature-Cappiello.jpg","datePublished":"1899-04-01T09:10:35+00:00","dateModified":"2026-04-10T09:30:21+00:00","breadcrumb":{"@id":"https:\/\/cappiello.fr\/en\/produit\/monsieur-mounet-sully-de-bergerac\/#breadcrumb"},"inLanguage":"en-US","potentialAction":[{"@type":"ReadAction","target":["https:\/\/cappiello.fr\/en\/produit\/monsieur-mounet-sully-de-bergerac\/"]}]},{"@type":"ImageObject","inLanguage":"en-US","@id":"https:\/\/cappiello.fr\/en\/produit\/monsieur-mounet-sully-de-bergerac\/#primaryimage","url":"https:\/\/cappiello.fr\/wp-content\/uploads\/1899\/04\/Monsieur-Mounet-Sully-de-Bergerac-caricature-Cappiello.jpg","contentUrl":"https:\/\/cappiello.fr\/wp-content\/uploads\/1899\/04\/Monsieur-Mounet-Sully-de-Bergerac-caricature-Cappiello.jpg","width":539,"height":800,"caption":"Monsieur Mounet-Sully de Bergerac, caricature de Cappiello"},{"@type":"BreadcrumbList","@id":"https:\/\/cappiello.fr\/en\/produit\/monsieur-mounet-sully-de-bergerac\/#breadcrumb","itemListElement":[{"@type":"ListItem","position":1,"name":"Accueil","item":"https:\/\/cappiello.fr\/en\/"},{"@type":"ListItem","position":2,"name":"The works","item":"https:\/\/cappiello.fr\/en\/the-works\/"},{"@type":"ListItem","position":3,"name":"Monsieur Mounet-Sully, de Bergerac"}]},{"@type":"WebSite","@id":"https:\/\/cappiello.fr\/en\/#website","url":"https:\/\/cappiello.fr\/en\/","name":"Catalogue raisonn\u00e9 de Leonetto Cappiello","description":"Plongez dans l&#039;univers de Leonetto Cappiello, le p\u00e8re de la publicit\u00e9 moderne","potentialAction":[{"@type":"SearchAction","target":{"@type":"EntryPoint","urlTemplate":"https:\/\/cappiello.fr\/en\/?s={search_term_string}"},"query-input":{"@type":"PropertyValueSpecification","valueRequired":true,"valueName":"search_term_string"}}],"inLanguage":"en-US"}]},"product_price_currency":"EUR","og_availability":"instock","product_availability":"instock","product_retailer_item_id":"R12","product_condition":"new"},"_links":{"self":[{"href":"https:\/\/cappiello.fr\/en\/wp-json\/wp\/v2\/product\/136218","targetHints":{"allow":["GET"]}}],"collection":[{"href":"https:\/\/cappiello.fr\/en\/wp-json\/wp\/v2\/product"}],"about":[{"href":"https:\/\/cappiello.fr\/en\/wp-json\/wp\/v2\/types\/product"}],"wp:featuredmedia":[{"embeddable":true,"href":"https:\/\/cappiello.fr\/en\/wp-json\/wp\/v2\/media\/136220"}],"wp:attachment":[{"href":"https:\/\/cappiello.fr\/en\/wp-json\/wp\/v2\/media?parent=136218"}],"wp:term":[{"taxonomy":"type-doeuvre","embeddable":true,"href":"https:\/\/cappiello.fr\/en\/wp-json\/wp\/v2\/type-doeuvre?post=136218"},{"taxonomy":"product_brand","embeddable":true,"href":"https:\/\/cappiello.fr\/en\/wp-json\/wp\/v2\/product_brand?post=136218"},{"taxonomy":"product_cat","embeddable":true,"href":"https:\/\/cappiello.fr\/en\/wp-json\/wp\/v2\/product_cat?post=136218"},{"taxonomy":"product_tag","embeddable":true,"href":"https:\/\/cappiello.fr\/en\/wp-json\/wp\/v2\/product_tag?post=136218"}],"curies":[{"name":"wp","href":"https:\/\/api.w.org\/{rel}","templated":true}]}}

<p>R12 : Mounet-Sully dans <em>Œdipe roi</em>.<Br><br />
Le talent exceptionnel de Jean Mounet-Sully en fait le tragédien le plus illustre de la Comédie-Française. Arthur Gold et Robert Fizdale écrivent dans <em>Sarah Bernhardt</em>, p. 109 ; « Avec sa tête léonine, sa crinière châtain ébouriffée, ses traits ciselés et son corps de gladiateur, il était l&#8217;idéal baroque du héros racinien. La démesure de ses gestes avait quelque chose de grandiose.<br />
Sa voix était d&#8217;une puissance extraordinaire, et Sacha Guitry devait dire: &#8220;En ville, il vous parlait comme de l&#8217;autre côté d&#8217;une large rivière.&#8221; » Mounet-Sully, «le sublime», écrit Jacques Porel dans ses Souvenirs, p. 167 . <Br><br />
Il a eu avec Sarah Bernhardt, sa partenaire au théâtre, une liaison troublante et tumultueuse.<Br><br />
Ce portrait paraîtra dans <em>Les Plaisirs de Paris</em>, guide du «Rire» dans Paris et à l&#8217;exposition de 1900, édité par Félix Juven, p. 8, sous la rubrique: <em>Théâtre Français</em> (place de l&#8217;Odéon).</p>

<p>R12 : Monsieur Mounet-Sully, de Bergerac / Figures parisienne, paraît dans <em>Le Rire</em> n°230, dernière page.<Br><br />
R12a : Portrait-charge de Mounet-Sully dans <em>Œdipe roi</em>.<Br><br />
R12b : Portrait-charge, étude<Br><br />
RF 37427 : Vignette</p>

<!-- This site is optimized with the Yoast SEO Premium plugin v27.0 (Yoast SEO v27.4) - https://yoast.com/product/yoast-seo-premium-wordpress/ -->
<title>Monsieur Mounet-Sully, de Bergerac - Catalogue raisonné de Leonetto Cappiello</title>
<meta name="robots" content="index, follow, max-snippet:-1, max-image-preview:large, max-video-preview:-1" />
<link rel="canonical" href="https://cappiello.fr/en/produit/monsieur-mounet-sully-de-bergerac/" />
<meta property="og:locale" content="en_US" />
<meta property="og:type" content="article" />
<meta property="og:title" content="Monsieur Mounet-Sully, de Bergerac" />
<meta property="og:description" content="R12 : Monsieur Mounet-Sully, de Bergerac / Figures parisienne, paraît dans Le Rire n°230, dernière page. R12a : Portrait-charge de Mounet-Sully dans Œdipe roi. R12b : Portrait-charge, étude RF 37427 : Vignette" />
<meta property="og:url" content="https://cappiello.fr/en/produit/monsieur-mounet-sully-de-bergerac/" />
<meta property="og:site_name" content="Catalogue raisonné de Leonetto Cappiello" />
<meta property="article:modified_time" content="2026-04-10T09:30:21+00:00" />
<meta property="og:image" content="https://cappiello.fr/wp-content/uploads/1899/04/Monsieur-Mounet-Sully-de-Bergerac-caricature-Cappiello.jpg" />
	<meta property="og:image:width" content="539" />
	<meta property="og:image:height" content="800" />
	<meta property="og:image:type" content="image/jpeg" />
<meta name="twitter:card" content="summary_large_image" />
<meta name="twitter:label1" content="Price" />
	<meta name="twitter:data1" content="" />
	<meta name="twitter:label2" content="Availability" />
	<meta name="twitter:data2" content="In stock" />
<script type="application/ld+json" class="yoast-schema-graph">{"@context":"https:\/\/schema.org","@graph":[{"@type":["WebPage","ItemPage"],"@id":"https:\/\/cappiello.fr\/en\/produit\/monsieur-mounet-sully-de-bergerac\/","url":"https:\/\/cappiello.fr\/en\/produit\/monsieur-mounet-sully-de-bergerac\/","name":"Monsieur Mounet-Sully, de Bergerac - Catalogue raisonné de Leonetto Cappiello","isPartOf":{"@id":"https:\/\/cappiello.fr\/en\/#website"},"primaryImageOfPage":{"@id":"https:\/\/cappiello.fr\/en\/produit\/monsieur-mounet-sully-de-bergerac\/#primaryimage"},"image":{"@id":"https:\/\/cappiello.fr\/en\/produit\/monsieur-mounet-sully-de-bergerac\/#primaryimage"},"thumbnailUrl":"https:\/\/cappiello.fr\/wp-content\/uploads\/1899\/04\/Monsieur-Mounet-Sully-de-Bergerac-caricature-Cappiello.jpg","datePublished":"1899-04-01T09:10:35+00:00","dateModified":"2026-04-10T09:30:21+00:00","breadcrumb":{"@id":"https:\/\/cappiello.fr\/en\/produit\/monsieur-mounet-sully-de-bergerac\/#breadcrumb"},"inLanguage":"en-US","potentialAction":[{"@type":"ReadAction","target":["https:\/\/cappiello.fr\/en\/produit\/monsieur-mounet-sully-de-bergerac\/"]}]},{"@type":"ImageObject","inLanguage":"en-US","@id":"https:\/\/cappiello.fr\/en\/produit\/monsieur-mounet-sully-de-bergerac\/#primaryimage","url":"https:\/\/cappiello.fr\/wp-content\/uploads\/1899\/04\/Monsieur-Mounet-Sully-de-Bergerac-caricature-Cappiello.jpg","contentUrl":"https:\/\/cappiello.fr\/wp-content\/uploads\/1899\/04\/Monsieur-Mounet-Sully-de-Bergerac-caricature-Cappiello.jpg","width":539,"height":800,"caption":"Monsieur Mounet-Sully de Bergerac, caricature de Cappiello"},{"@type":"BreadcrumbList","@id":"https:\/\/cappiello.fr\/en\/produit\/monsieur-mounet-sully-de-bergerac\/#breadcrumb","itemListElement":[{"@type":"ListItem","position":1,"name":"Accueil","item":"https:\/\/cappiello.fr\/en\/"},{"@type":"ListItem","position":2,"name":"The works","item":"https:\/\/cappiello.fr\/en\/the-works\/"},{"@type":"ListItem","position":3,"name":"Monsieur Mounet-Sully, de Bergerac"}]},{"@type":"WebSite","@id":"https:\/\/cappiello.fr\/en\/#website","url":"https:\/\/cappiello.fr\/en\/","name":"Catalogue raisonné de Leonetto Cappiello","description":"Plongez dans l&#039;univers de Leonetto Cappiello, le père de la publicité moderne","potentialAction":[{"@type":"SearchAction","target":{"@type":"EntryPoint","urlTemplate":"https:\/\/cappiello.fr\/en\/?s={search_term_string}"},"query-input":{"@type":"PropertyValueSpecification","valueRequired":true,"valueName":"search_term_string"}}],"inLanguage":"en-US"}]}</script>
<meta property="product:price:currency" content="EUR" />
<meta property="og:availability" content="instock" />
<meta property="product:availability" content="instock" />
<meta property="product:retailer_item_id" content="R12" />
<meta property="product:condition" content="new" />
<!-- / Yoast SEO Premium plugin. -->

Monsieur Mounet-Sully, de Bergerac - Catalogue raisonné de Leonetto Cappiello

R12 : Monsieur Mounet-Sully, de Bergerac / Figures parisienne, paraît dans Le Rire n°230, dernière page. R12a : Portrait-charge de Mounet-Sully dans Œdipe roi. R12b : Portrait-charge, étude RF 37427 : Vignette

Catalogue raisonné de Leonetto Cappiello

Plongez dans l&#039;univers de Leonetto Cappiello, le père de la publicité moderne
