{"id":136234,"date":"1899-04-08T17:57:43","date_gmt":"1899-04-08T17:48:22","guid":{"rendered":"https:\/\/cappiello.fr\/?post_type=product&#038;p=136234"},"modified":"2026-04-10T11:31:40","modified_gmt":"2026-04-10T09:31:40","slug":"severine-va-mieux","status":"publish","type":"product","link":"https:\/\/cappiello.fr\/en\/produit\/severine-va-mieux\/","title":{"rendered":"S\u00e9verine va mieux!"},"content":{"rendered":"<p>De son vrai nom, Caroline R\u00e9my, elle est l&#8217;\u00e9pouse d&#8217;un des plus jeunes professeurs de l&#8217;Acad\u00e9mie de M\u00e9decine, le docteur Gu\u00e9bhard. Ancienne secr\u00e9taire et disciple fervente de Jules Vall\u00e8s, elle devient sa collaboratrice.<Br><br \/>\nLa grande journaliste qu&#8217;est S\u00e9verine devient directrice du <em>Cri du Peuple<\/em>, et se contente ensuite de fournir des chroniques r\u00e9guli\u00e8res au <em>Gil Blas<\/em>, \u00e0 <em>L&#8217;\u00c9cho de Paris<\/em>, au <em>Gaulois<\/em>, \u00e0 <em>La Fronde<\/em>, seul journal enti\u00e8rement r\u00e9dig\u00e9 et administr\u00e9 par des femmes, au <em>Figaro<\/em> et plus tard \u00e0 <em>L&#8217;Humanit\u00e9<\/em>. C&#8217;est une oratrice remarquable et une f\u00e9ministe convaincue. Vers la fin de sa vie, elle consacre aux enfants et aux animaux des livres d\u00e9licieux (<em>Antoine P\u00e8re et Fils<\/em>, p. 39, Julliard), ce qui explique la pr\u00e9sence d&#8217;animaux sur cette couverture du <em>Rire<\/em>. 0livier Merlin fait d&#8217;elle le portrait suivant: \u00abJournaliste r\u00e9put\u00e9e pour son talent de pol\u00e9miste dont tout Paris conna\u00eet la crini\u00e8re fauve, les yeux d&#8217;aigue-marine et le nez en volutes, vivant portrait d&#8217;une h\u00e9ro\u00efne pr\u00e9rapha\u00e9lite&#8230; \u00bb (<em>Tristan Bernard<\/em>, p.72).<\/p>\n","protected":false},"excerpt":{"rendered":"<p>R13 : S\u00e9verine va mieux! para\u00eet dans <em>Le Rire<\/em> n\u00b0231, page de couverture.<Br><br \/>\nR13a : Portrait du visage de S\u00e9verine dans un m\u00e9daillon.<Br><br \/>\nR13b : Portrait en couleur du visage de S\u00e9verine dans un m\u00e9daillon.<Br><br \/>\nRF 37801 : Vignette<\/p>\n","protected":false},"featured_media":136236,"template":"","meta":{"_acf_changed":false},"type-doeuvre":[4056],"product_brand":[],"product_cat":[4076,4077],"product_tag":[4101,3453,3514,4050,3745,3755],"class_list":{"0":"post-136234","1":"product","2":"type-product","3":"status-publish","4":"has-post-thumbnail","6":"type-doeuvre-caricatures","7":"product_cat-ecrivain","8":"product_cat-journaliste","9":"product_tag-buste","10":"product_tag-mountain-dweller","11":"product_tag-monument-en","12":"product_tag-de-face","13":"product_tag-saleswoman-en-5","14":"product_tag-cow-en-3","15":"pa_type-de-contenu-caricature-de-divertissement","17":"first","18":"instock","19":"shipping-taxable","20":"product-type-simple"},"acf":[],"yoast_head":"<!-- This site is optimized with the Yoast SEO Premium plugin v27.0 (Yoast SEO v27.4) - https:\/\/yoast.com\/product\/yoast-seo-premium-wordpress\/ -->\n<title>S\u00e9verine va mieux! - Catalogue raisonn\u00e9 de Leonetto Cappiello<\/title>\n<meta name=\"robots\" content=\"index, follow, max-snippet:-1, max-image-preview:large, max-video-preview:-1\" \/>\n<link rel=\"canonical\" href=\"https:\/\/cappiello.fr\/en\/produit\/severine-va-mieux\/\" \/>\n<meta property=\"og:locale\" content=\"en_US\" \/>\n<meta property=\"og:type\" content=\"article\" \/>\n<meta property=\"og:title\" content=\"S\u00e9verine va mieux!\" \/>\n<meta property=\"og:description\" content=\"R13 : S\u00e9verine va mieux! para\u00eet dans Le Rire n\u00b0231, page de couverture. R13a : Portrait du visage de S\u00e9verine dans un m\u00e9daillon. R13b : Portrait en couleur du visage de S\u00e9verine dans un m\u00e9daillon. RF 37801 : Vignette\" \/>\n<meta property=\"og:url\" content=\"https:\/\/cappiello.fr\/en\/produit\/severine-va-mieux\/\" \/>\n<meta property=\"og:site_name\" content=\"Catalogue raisonn\u00e9 de Leonetto Cappiello\" \/>\n<meta property=\"article:modified_time\" content=\"2026-04-10T09:31:40+00:00\" \/>\n<meta property=\"og:image\" content=\"https:\/\/cappiello.fr\/wp-content\/uploads\/1899\/04\/Severine-va-mieux-caricature-Cappiello.jpg\" \/>\n\t<meta property=\"og:image:width\" content=\"551\" \/>\n\t<meta property=\"og:image:height\" content=\"800\" \/>\n\t<meta property=\"og:image:type\" content=\"image\/jpeg\" \/>\n<meta name=\"twitter:card\" content=\"summary_large_image\" \/>\n<meta name=\"twitter:label1\" content=\"Price\" \/>\n\t<meta name=\"twitter:data1\" content=\"\" \/>\n\t<meta name=\"twitter:label2\" content=\"Availability\" \/>\n\t<meta name=\"twitter:data2\" content=\"In stock\" \/>\n<script type=\"application\/ld+json\" class=\"yoast-schema-graph\">{\"@context\":\"https:\\\/\\\/schema.org\",\"@graph\":[{\"@type\":[\"WebPage\",\"ItemPage\"],\"@id\":\"https:\\\/\\\/cappiello.fr\\\/en\\\/produit\\\/severine-va-mieux\\\/\",\"url\":\"https:\\\/\\\/cappiello.fr\\\/en\\\/produit\\\/severine-va-mieux\\\/\",\"name\":\"S\u00e9verine va mieux! - Catalogue raisonn\u00e9 de Leonetto Cappiello\",\"isPartOf\":{\"@id\":\"https:\\\/\\\/cappiello.fr\\\/en\\\/#website\"},\"primaryImageOfPage\":{\"@id\":\"https:\\\/\\\/cappiello.fr\\\/en\\\/produit\\\/severine-va-mieux\\\/#primaryimage\"},\"image\":{\"@id\":\"https:\\\/\\\/cappiello.fr\\\/en\\\/produit\\\/severine-va-mieux\\\/#primaryimage\"},\"thumbnailUrl\":\"https:\\\/\\\/cappiello.fr\\\/wp-content\\\/uploads\\\/1899\\\/04\\\/Severine-va-mieux-caricature-Cappiello.jpg\",\"datePublished\":\"1899-04-08T17:48:22+00:00\",\"dateModified\":\"2026-04-10T09:31:40+00:00\",\"breadcrumb\":{\"@id\":\"https:\\\/\\\/cappiello.fr\\\/en\\\/produit\\\/severine-va-mieux\\\/#breadcrumb\"},\"inLanguage\":\"en-US\",\"potentialAction\":[{\"@type\":\"ReadAction\",\"target\":[\"https:\\\/\\\/cappiello.fr\\\/en\\\/produit\\\/severine-va-mieux\\\/\"]}]},{\"@type\":\"ImageObject\",\"inLanguage\":\"en-US\",\"@id\":\"https:\\\/\\\/cappiello.fr\\\/en\\\/produit\\\/severine-va-mieux\\\/#primaryimage\",\"url\":\"https:\\\/\\\/cappiello.fr\\\/wp-content\\\/uploads\\\/1899\\\/04\\\/Severine-va-mieux-caricature-Cappiello.jpg\",\"contentUrl\":\"https:\\\/\\\/cappiello.fr\\\/wp-content\\\/uploads\\\/1899\\\/04\\\/Severine-va-mieux-caricature-Cappiello.jpg\",\"width\":551,\"height\":800,\"caption\":\"S\u00e9verine va mieux! couverture du Rire n\u00b0 231. Caricature de Cappiello\"},{\"@type\":\"BreadcrumbList\",\"@id\":\"https:\\\/\\\/cappiello.fr\\\/en\\\/produit\\\/severine-va-mieux\\\/#breadcrumb\",\"itemListElement\":[{\"@type\":\"ListItem\",\"position\":1,\"name\":\"Accueil\",\"item\":\"https:\\\/\\\/cappiello.fr\\\/en\\\/\"},{\"@type\":\"ListItem\",\"position\":2,\"name\":\"The works\",\"item\":\"https:\\\/\\\/cappiello.fr\\\/en\\\/the-works\\\/\"},{\"@type\":\"ListItem\",\"position\":3,\"name\":\"S\u00e9verine va mieux!\"}]},{\"@type\":\"WebSite\",\"@id\":\"https:\\\/\\\/cappiello.fr\\\/en\\\/#website\",\"url\":\"https:\\\/\\\/cappiello.fr\\\/en\\\/\",\"name\":\"Catalogue raisonn\u00e9 de Leonetto Cappiello\",\"description\":\"Plongez dans l&#039;univers de Leonetto Cappiello, le p\u00e8re de la publicit\u00e9 moderne\",\"potentialAction\":[{\"@type\":\"SearchAction\",\"target\":{\"@type\":\"EntryPoint\",\"urlTemplate\":\"https:\\\/\\\/cappiello.fr\\\/en\\\/?s={search_term_string}\"},\"query-input\":{\"@type\":\"PropertyValueSpecification\",\"valueRequired\":true,\"valueName\":\"search_term_string\"}}],\"inLanguage\":\"en-US\"}]}<\/script>\n<meta property=\"product:price:currency\" content=\"EUR\" \/>\n<meta property=\"og:availability\" content=\"instock\" \/>\n<meta property=\"product:availability\" content=\"instock\" \/>\n<meta property=\"product:retailer_item_id\" content=\"R13\" \/>\n<meta property=\"product:condition\" content=\"new\" \/>\n<!-- \/ Yoast SEO Premium plugin. -->","yoast_head_json":{"title":"S\u00e9verine va mieux! - Catalogue raisonn\u00e9 de Leonetto Cappiello","robots":{"index":"index","follow":"follow","max-snippet":"max-snippet:-1","max-image-preview":"max-image-preview:large","max-video-preview":"max-video-preview:-1"},"canonical":"https:\/\/cappiello.fr\/en\/produit\/severine-va-mieux\/","og_locale":"en_US","og_type":"article","og_title":"S\u00e9verine va mieux!","og_description":"R13 : S\u00e9verine va mieux! para\u00eet dans Le Rire n\u00b0231, page de couverture. R13a : Portrait du visage de S\u00e9verine dans un m\u00e9daillon. R13b : Portrait en couleur du visage de S\u00e9verine dans un m\u00e9daillon. RF 37801 : Vignette","og_url":"https:\/\/cappiello.fr\/en\/produit\/severine-va-mieux\/","og_site_name":"Catalogue raisonn\u00e9 de Leonetto Cappiello","article_modified_time":"2026-04-10T09:31:40+00:00","og_image":[{"width":551,"height":800,"url":"https:\/\/cappiello.fr\/wp-content\/uploads\/1899\/04\/Severine-va-mieux-caricature-Cappiello.jpg","type":"image\/jpeg"}],"twitter_card":"summary_large_image","twitter_misc":{"Price":"","Availability":"In stock"},"schema":{"@context":"https:\/\/schema.org","@graph":[{"@type":["WebPage","ItemPage"],"@id":"https:\/\/cappiello.fr\/en\/produit\/severine-va-mieux\/","url":"https:\/\/cappiello.fr\/en\/produit\/severine-va-mieux\/","name":"S\u00e9verine va mieux! - Catalogue raisonn\u00e9 de Leonetto Cappiello","isPartOf":{"@id":"https:\/\/cappiello.fr\/en\/#website"},"primaryImageOfPage":{"@id":"https:\/\/cappiello.fr\/en\/produit\/severine-va-mieux\/#primaryimage"},"image":{"@id":"https:\/\/cappiello.fr\/en\/produit\/severine-va-mieux\/#primaryimage"},"thumbnailUrl":"https:\/\/cappiello.fr\/wp-content\/uploads\/1899\/04\/Severine-va-mieux-caricature-Cappiello.jpg","datePublished":"1899-04-08T17:48:22+00:00","dateModified":"2026-04-10T09:31:40+00:00","breadcrumb":{"@id":"https:\/\/cappiello.fr\/en\/produit\/severine-va-mieux\/#breadcrumb"},"inLanguage":"en-US","potentialAction":[{"@type":"ReadAction","target":["https:\/\/cappiello.fr\/en\/produit\/severine-va-mieux\/"]}]},{"@type":"ImageObject","inLanguage":"en-US","@id":"https:\/\/cappiello.fr\/en\/produit\/severine-va-mieux\/#primaryimage","url":"https:\/\/cappiello.fr\/wp-content\/uploads\/1899\/04\/Severine-va-mieux-caricature-Cappiello.jpg","contentUrl":"https:\/\/cappiello.fr\/wp-content\/uploads\/1899\/04\/Severine-va-mieux-caricature-Cappiello.jpg","width":551,"height":800,"caption":"S\u00e9verine va mieux! couverture du Rire n\u00b0 231. Caricature de Cappiello"},{"@type":"BreadcrumbList","@id":"https:\/\/cappiello.fr\/en\/produit\/severine-va-mieux\/#breadcrumb","itemListElement":[{"@type":"ListItem","position":1,"name":"Accueil","item":"https:\/\/cappiello.fr\/en\/"},{"@type":"ListItem","position":2,"name":"The works","item":"https:\/\/cappiello.fr\/en\/the-works\/"},{"@type":"ListItem","position":3,"name":"S\u00e9verine va mieux!"}]},{"@type":"WebSite","@id":"https:\/\/cappiello.fr\/en\/#website","url":"https:\/\/cappiello.fr\/en\/","name":"Catalogue raisonn\u00e9 de Leonetto Cappiello","description":"Plongez dans l&#039;univers de Leonetto Cappiello, le p\u00e8re de la publicit\u00e9 moderne","potentialAction":[{"@type":"SearchAction","target":{"@type":"EntryPoint","urlTemplate":"https:\/\/cappiello.fr\/en\/?s={search_term_string}"},"query-input":{"@type":"PropertyValueSpecification","valueRequired":true,"valueName":"search_term_string"}}],"inLanguage":"en-US"}]},"product_price_currency":"EUR","og_availability":"instock","product_availability":"instock","product_retailer_item_id":"R13","product_condition":"new"},"_links":{"self":[{"href":"https:\/\/cappiello.fr\/en\/wp-json\/wp\/v2\/product\/136234","targetHints":{"allow":["GET"]}}],"collection":[{"href":"https:\/\/cappiello.fr\/en\/wp-json\/wp\/v2\/product"}],"about":[{"href":"https:\/\/cappiello.fr\/en\/wp-json\/wp\/v2\/types\/product"}],"wp:featuredmedia":[{"embeddable":true,"href":"https:\/\/cappiello.fr\/en\/wp-json\/wp\/v2\/media\/136236"}],"wp:attachment":[{"href":"https:\/\/cappiello.fr\/en\/wp-json\/wp\/v2\/media?parent=136234"}],"wp:term":[{"taxonomy":"type-doeuvre","embeddable":true,"href":"https:\/\/cappiello.fr\/en\/wp-json\/wp\/v2\/type-doeuvre?post=136234"},{"taxonomy":"product_brand","embeddable":true,"href":"https:\/\/cappiello.fr\/en\/wp-json\/wp\/v2\/product_brand?post=136234"},{"taxonomy":"product_cat","embeddable":true,"href":"https:\/\/cappiello.fr\/en\/wp-json\/wp\/v2\/product_cat?post=136234"},{"taxonomy":"product_tag","embeddable":true,"href":"https:\/\/cappiello.fr\/en\/wp-json\/wp\/v2\/product_tag?post=136234"}],"curies":[{"name":"wp","href":"https:\/\/api.w.org\/{rel}","templated":true}]}}

Séverine va mieux!

<p>De son vrai nom, Caroline Rémy, elle est l&#8217;épouse d&#8217;un des plus jeunes professeurs de l&#8217;Académie de Médecine, le docteur Guébhard. Ancienne secrétaire et disciple fervente de Jules Vallès, elle devient sa collaboratrice.<Br><br />
La grande journaliste qu&#8217;est Séverine devient directrice du <em>Cri du Peuple</em>, et se contente ensuite de fournir des chroniques régulières au <em>Gil Blas</em>, à <em>L&#8217;Écho de Paris</em>, au <em>Gaulois</em>, à <em>La Fronde</em>, seul journal entièrement rédigé et administré par des femmes, au <em>Figaro</em> et plus tard à <em>L&#8217;Humanité</em>. C&#8217;est une oratrice remarquable et une féministe convaincue. Vers la fin de sa vie, elle consacre aux enfants et aux animaux des livres délicieux (<em>Antoine Père et Fils</em>, p. 39, Julliard), ce qui explique la présence d&#8217;animaux sur cette couverture du <em>Rire</em>. 0livier Merlin fait d&#8217;elle le portrait suivant: «Journaliste réputée pour son talent de polémiste dont tout Paris connaît la crinière fauve, les yeux d&#8217;aigue-marine et le nez en volutes, vivant portrait d&#8217;une héroïne préraphaélite&#8230; » (<em>Tristan Bernard</em>, p.72).</p>

<p>R13 : Séverine va mieux! paraît dans <em>Le Rire</em> n°231, page de couverture.<Br><br />
R13a : Portrait du visage de Séverine dans un médaillon.<Br><br />
R13b : Portrait en couleur du visage de Séverine dans un médaillon.<Br><br />
RF 37801 : Vignette</p>

<!-- This site is optimized with the Yoast SEO Premium plugin v27.0 (Yoast SEO v27.4) - https://yoast.com/product/yoast-seo-premium-wordpress/ -->
<title>Séverine va mieux! - Catalogue raisonné de Leonetto Cappiello</title>
<meta name="robots" content="index, follow, max-snippet:-1, max-image-preview:large, max-video-preview:-1" />
<link rel="canonical" href="https://cappiello.fr/en/produit/severine-va-mieux/" />
<meta property="og:locale" content="en_US" />
<meta property="og:type" content="article" />
<meta property="og:title" content="Séverine va mieux!" />
<meta property="og:description" content="R13 : Séverine va mieux! paraît dans Le Rire n°231, page de couverture. R13a : Portrait du visage de Séverine dans un médaillon. R13b : Portrait en couleur du visage de Séverine dans un médaillon. RF 37801 : Vignette" />
<meta property="og:url" content="https://cappiello.fr/en/produit/severine-va-mieux/" />
<meta property="og:site_name" content="Catalogue raisonné de Leonetto Cappiello" />
<meta property="article:modified_time" content="2026-04-10T09:31:40+00:00" />
<meta property="og:image" content="https://cappiello.fr/wp-content/uploads/1899/04/Severine-va-mieux-caricature-Cappiello.jpg" />
	<meta property="og:image:width" content="551" />
	<meta property="og:image:height" content="800" />
	<meta property="og:image:type" content="image/jpeg" />
<meta name="twitter:card" content="summary_large_image" />
<meta name="twitter:label1" content="Price" />
	<meta name="twitter:data1" content="" />
	<meta name="twitter:label2" content="Availability" />
	<meta name="twitter:data2" content="In stock" />
<script type="application/ld+json" class="yoast-schema-graph">{"@context":"https:\/\/schema.org","@graph":[{"@type":["WebPage","ItemPage"],"@id":"https:\/\/cappiello.fr\/en\/produit\/severine-va-mieux\/","url":"https:\/\/cappiello.fr\/en\/produit\/severine-va-mieux\/","name":"Séverine va mieux! - Catalogue raisonné de Leonetto Cappiello","isPartOf":{"@id":"https:\/\/cappiello.fr\/en\/#website"},"primaryImageOfPage":{"@id":"https:\/\/cappiello.fr\/en\/produit\/severine-va-mieux\/#primaryimage"},"image":{"@id":"https:\/\/cappiello.fr\/en\/produit\/severine-va-mieux\/#primaryimage"},"thumbnailUrl":"https:\/\/cappiello.fr\/wp-content\/uploads\/1899\/04\/Severine-va-mieux-caricature-Cappiello.jpg","datePublished":"1899-04-08T17:48:22+00:00","dateModified":"2026-04-10T09:31:40+00:00","breadcrumb":{"@id":"https:\/\/cappiello.fr\/en\/produit\/severine-va-mieux\/#breadcrumb"},"inLanguage":"en-US","potentialAction":[{"@type":"ReadAction","target":["https:\/\/cappiello.fr\/en\/produit\/severine-va-mieux\/"]}]},{"@type":"ImageObject","inLanguage":"en-US","@id":"https:\/\/cappiello.fr\/en\/produit\/severine-va-mieux\/#primaryimage","url":"https:\/\/cappiello.fr\/wp-content\/uploads\/1899\/04\/Severine-va-mieux-caricature-Cappiello.jpg","contentUrl":"https:\/\/cappiello.fr\/wp-content\/uploads\/1899\/04\/Severine-va-mieux-caricature-Cappiello.jpg","width":551,"height":800,"caption":"Séverine va mieux! couverture du Rire n° 231. Caricature de Cappiello"},{"@type":"BreadcrumbList","@id":"https:\/\/cappiello.fr\/en\/produit\/severine-va-mieux\/#breadcrumb","itemListElement":[{"@type":"ListItem","position":1,"name":"Accueil","item":"https:\/\/cappiello.fr\/en\/"},{"@type":"ListItem","position":2,"name":"The works","item":"https:\/\/cappiello.fr\/en\/the-works\/"},{"@type":"ListItem","position":3,"name":"Séverine va mieux!"}]},{"@type":"WebSite","@id":"https:\/\/cappiello.fr\/en\/#website","url":"https:\/\/cappiello.fr\/en\/","name":"Catalogue raisonné de Leonetto Cappiello","description":"Plongez dans l&#039;univers de Leonetto Cappiello, le père de la publicité moderne","potentialAction":[{"@type":"SearchAction","target":{"@type":"EntryPoint","urlTemplate":"https:\/\/cappiello.fr\/en\/?s={search_term_string}"},"query-input":{"@type":"PropertyValueSpecification","valueRequired":true,"valueName":"search_term_string"}}],"inLanguage":"en-US"}]}</script>
<meta property="product:price:currency" content="EUR" />
<meta property="og:availability" content="instock" />
<meta property="product:availability" content="instock" />
<meta property="product:retailer_item_id" content="R13" />
<meta property="product:condition" content="new" />
<!-- / Yoast SEO Premium plugin. -->

Séverine va mieux! - Catalogue raisonné de Leonetto Cappiello

R13 : Séverine va mieux! paraît dans Le Rire n°231, page de couverture. R13a : Portrait du visage de Séverine dans un médaillon. R13b : Portrait en couleur du visage de Séverine dans un médaillon. RF 37801 : Vignette

Catalogue raisonné de Leonetto Cappiello

Séverine va mieux! couverture du Rire n° 231. Caricature de Cappiello

Plongez dans l&#039;univers de Leonetto Cappiello, le père de la publicité moderne
