{"id":136242,"date":"1899-05-06T10:28:46","date_gmt":"1899-05-06T10:19:25","guid":{"rendered":"https:\/\/cappiello.fr\/?post_type=product&#038;p=136242"},"modified":"2026-04-08T22:42:34","modified_gmt":"2026-04-08T20:42:34","slug":"charge-de-sarah","status":"publish","type":"product","link":"https:\/\/cappiello.fr\/en\/produit\/charge-de-sarah\/","title":{"rendered":"Sarah (Charge de)"},"content":{"rendered":"<p>R14 : ll s&#8217;agit de Sarah Bernhardt dans le r\u00f4le de M\u00e9d\u00e9e, dans la pi\u00e8ce du m\u00eame nom de Catulle Mend\u00e8s. Elle est inspir\u00e9e de celle d&#8217; d&#8217;Euripide. <Br><br \/>\nCe portrait est issu d&#8217;une publicit\u00e9 pour le livre de Jules Huret, intitul\u00e9 <em>Sarah Bernhardt<\/em>, avec pr\u00e9face d&#8217;Edmond Rostand, publi\u00e9 par Juven \u00e9diteur  .<\/p>\n","protected":false},"excerpt":{"rendered":"<p>R14 : <em>Charge de Sarah<\/em>, parait dans <em>Le Rire<\/em> n\u00b0235 page 11.<Br><br \/>\nR14a : Original<Br><br \/>\nR14b : Variante<\/p>\n","protected":false},"featured_media":136244,"template":"","meta":{"_acf_changed":false},"type-doeuvre":[4056],"product_brand":[],"product_cat":[4067],"product_tag":[4130,3655,4049],"class_list":{"0":"post-136242","1":"product","2":"type-product","3":"status-publish","4":"has-post-thumbnail","6":"type-doeuvre-caricatures","7":"product_cat-actrice","8":"product_tag-bague","9":"product_tag-hair","10":"product_tag-de-profil-gauche","12":"first","13":"instock","14":"shipping-taxable","15":"product-type-simple"},"acf":[],"yoast_head":"<!-- This site is optimized with the Yoast SEO Premium plugin v27.0 (Yoast SEO v27.4) - https:\/\/yoast.com\/product\/yoast-seo-premium-wordpress\/ -->\n<title>Sarah (Charge de) - Catalogue raisonn\u00e9 de Leonetto Cappiello<\/title>\n<meta name=\"robots\" content=\"index, follow, max-snippet:-1, max-image-preview:large, max-video-preview:-1\" \/>\n<link rel=\"canonical\" href=\"https:\/\/cappiello.fr\/en\/produit\/charge-de-sarah\/\" \/>\n<meta property=\"og:locale\" content=\"en_US\" \/>\n<meta property=\"og:type\" content=\"article\" \/>\n<meta property=\"og:title\" content=\"Sarah (Charge de)\" \/>\n<meta property=\"og:description\" content=\"R14 : Charge de Sarah, parait dans Le Rire n\u00b0235 page 11. R14a : Original R14b : Variante\" \/>\n<meta property=\"og:url\" content=\"https:\/\/cappiello.fr\/en\/produit\/charge-de-sarah\/\" \/>\n<meta property=\"og:site_name\" content=\"Catalogue raisonn\u00e9 de Leonetto Cappiello\" \/>\n<meta property=\"article:modified_time\" content=\"2026-04-08T20:42:34+00:00\" \/>\n<meta property=\"og:image\" content=\"https:\/\/cappiello.fr\/wp-content\/uploads\/1899\/05\/Sarah-Bernhardt-dans-Medee-caricature-Cappiello.jpg\" \/>\n\t<meta property=\"og:image:width\" content=\"529\" \/>\n\t<meta property=\"og:image:height\" content=\"800\" \/>\n\t<meta property=\"og:image:type\" content=\"image\/jpeg\" \/>\n<meta name=\"twitter:card\" content=\"summary_large_image\" \/>\n<meta name=\"twitter:label1\" content=\"Price\" \/>\n\t<meta name=\"twitter:data1\" content=\"\" \/>\n\t<meta name=\"twitter:label2\" content=\"Availability\" \/>\n\t<meta name=\"twitter:data2\" content=\"In stock\" \/>\n<script type=\"application\/ld+json\" class=\"yoast-schema-graph\">{\"@context\":\"https:\\\/\\\/schema.org\",\"@graph\":[{\"@type\":[\"WebPage\",\"ItemPage\"],\"@id\":\"https:\\\/\\\/cappiello.fr\\\/en\\\/produit\\\/charge-de-sarah\\\/\",\"url\":\"https:\\\/\\\/cappiello.fr\\\/en\\\/produit\\\/charge-de-sarah\\\/\",\"name\":\"Sarah (Charge de) - Catalogue raisonn\u00e9 de Leonetto Cappiello\",\"isPartOf\":{\"@id\":\"https:\\\/\\\/cappiello.fr\\\/en\\\/#website\"},\"primaryImageOfPage\":{\"@id\":\"https:\\\/\\\/cappiello.fr\\\/en\\\/produit\\\/charge-de-sarah\\\/#primaryimage\"},\"image\":{\"@id\":\"https:\\\/\\\/cappiello.fr\\\/en\\\/produit\\\/charge-de-sarah\\\/#primaryimage\"},\"thumbnailUrl\":\"https:\\\/\\\/cappiello.fr\\\/wp-content\\\/uploads\\\/1899\\\/05\\\/Sarah-Bernhardt-dans-Medee-caricature-Cappiello.jpg\",\"datePublished\":\"1899-05-06T10:19:25+00:00\",\"dateModified\":\"2026-04-08T20:42:34+00:00\",\"breadcrumb\":{\"@id\":\"https:\\\/\\\/cappiello.fr\\\/en\\\/produit\\\/charge-de-sarah\\\/#breadcrumb\"},\"inLanguage\":\"en-US\",\"potentialAction\":[{\"@type\":\"ReadAction\",\"target\":[\"https:\\\/\\\/cappiello.fr\\\/en\\\/produit\\\/charge-de-sarah\\\/\"]}]},{\"@type\":\"ImageObject\",\"inLanguage\":\"en-US\",\"@id\":\"https:\\\/\\\/cappiello.fr\\\/en\\\/produit\\\/charge-de-sarah\\\/#primaryimage\",\"url\":\"https:\\\/\\\/cappiello.fr\\\/wp-content\\\/uploads\\\/1899\\\/05\\\/Sarah-Bernhardt-dans-Medee-caricature-Cappiello.jpg\",\"contentUrl\":\"https:\\\/\\\/cappiello.fr\\\/wp-content\\\/uploads\\\/1899\\\/05\\\/Sarah-Bernhardt-dans-Medee-caricature-Cappiello.jpg\",\"width\":529,\"height\":800,\"caption\":\"Sarah-Bernhardt dans M\u00e9d\u00e9e, caricature de Cappiello\"},{\"@type\":\"BreadcrumbList\",\"@id\":\"https:\\\/\\\/cappiello.fr\\\/en\\\/produit\\\/charge-de-sarah\\\/#breadcrumb\",\"itemListElement\":[{\"@type\":\"ListItem\",\"position\":1,\"name\":\"Accueil\",\"item\":\"https:\\\/\\\/cappiello.fr\\\/en\\\/\"},{\"@type\":\"ListItem\",\"position\":2,\"name\":\"The works\",\"item\":\"https:\\\/\\\/cappiello.fr\\\/en\\\/the-works\\\/\"},{\"@type\":\"ListItem\",\"position\":3,\"name\":\"Sarah (Charge de)\"}]},{\"@type\":\"WebSite\",\"@id\":\"https:\\\/\\\/cappiello.fr\\\/en\\\/#website\",\"url\":\"https:\\\/\\\/cappiello.fr\\\/en\\\/\",\"name\":\"Catalogue raisonn\u00e9 de Leonetto Cappiello\",\"description\":\"Plongez dans l&#039;univers de Leonetto Cappiello, le p\u00e8re de la publicit\u00e9 moderne\",\"potentialAction\":[{\"@type\":\"SearchAction\",\"target\":{\"@type\":\"EntryPoint\",\"urlTemplate\":\"https:\\\/\\\/cappiello.fr\\\/en\\\/?s={search_term_string}\"},\"query-input\":{\"@type\":\"PropertyValueSpecification\",\"valueRequired\":true,\"valueName\":\"search_term_string\"}}],\"inLanguage\":\"en-US\"}]}<\/script>\n<meta property=\"product:price:currency\" content=\"EUR\" \/>\n<meta property=\"og:availability\" content=\"instock\" \/>\n<meta property=\"product:availability\" content=\"instock\" \/>\n<meta property=\"product:condition\" content=\"new\" \/>\n<!-- \/ Yoast SEO Premium plugin. -->","yoast_head_json":{"title":"Sarah (Charge de) - Catalogue raisonn\u00e9 de Leonetto Cappiello","robots":{"index":"index","follow":"follow","max-snippet":"max-snippet:-1","max-image-preview":"max-image-preview:large","max-video-preview":"max-video-preview:-1"},"canonical":"https:\/\/cappiello.fr\/en\/produit\/charge-de-sarah\/","og_locale":"en_US","og_type":"article","og_title":"Sarah (Charge de)","og_description":"R14 : Charge de Sarah, parait dans Le Rire n\u00b0235 page 11. R14a : Original R14b : Variante","og_url":"https:\/\/cappiello.fr\/en\/produit\/charge-de-sarah\/","og_site_name":"Catalogue raisonn\u00e9 de Leonetto Cappiello","article_modified_time":"2026-04-08T20:42:34+00:00","og_image":[{"width":529,"height":800,"url":"https:\/\/cappiello.fr\/wp-content\/uploads\/1899\/05\/Sarah-Bernhardt-dans-Medee-caricature-Cappiello.jpg","type":"image\/jpeg"}],"twitter_card":"summary_large_image","twitter_misc":{"Price":"","Availability":"In stock"},"schema":{"@context":"https:\/\/schema.org","@graph":[{"@type":["WebPage","ItemPage"],"@id":"https:\/\/cappiello.fr\/en\/produit\/charge-de-sarah\/","url":"https:\/\/cappiello.fr\/en\/produit\/charge-de-sarah\/","name":"Sarah (Charge de) - Catalogue raisonn\u00e9 de Leonetto Cappiello","isPartOf":{"@id":"https:\/\/cappiello.fr\/en\/#website"},"primaryImageOfPage":{"@id":"https:\/\/cappiello.fr\/en\/produit\/charge-de-sarah\/#primaryimage"},"image":{"@id":"https:\/\/cappiello.fr\/en\/produit\/charge-de-sarah\/#primaryimage"},"thumbnailUrl":"https:\/\/cappiello.fr\/wp-content\/uploads\/1899\/05\/Sarah-Bernhardt-dans-Medee-caricature-Cappiello.jpg","datePublished":"1899-05-06T10:19:25+00:00","dateModified":"2026-04-08T20:42:34+00:00","breadcrumb":{"@id":"https:\/\/cappiello.fr\/en\/produit\/charge-de-sarah\/#breadcrumb"},"inLanguage":"en-US","potentialAction":[{"@type":"ReadAction","target":["https:\/\/cappiello.fr\/en\/produit\/charge-de-sarah\/"]}]},{"@type":"ImageObject","inLanguage":"en-US","@id":"https:\/\/cappiello.fr\/en\/produit\/charge-de-sarah\/#primaryimage","url":"https:\/\/cappiello.fr\/wp-content\/uploads\/1899\/05\/Sarah-Bernhardt-dans-Medee-caricature-Cappiello.jpg","contentUrl":"https:\/\/cappiello.fr\/wp-content\/uploads\/1899\/05\/Sarah-Bernhardt-dans-Medee-caricature-Cappiello.jpg","width":529,"height":800,"caption":"Sarah-Bernhardt dans M\u00e9d\u00e9e, caricature de Cappiello"},{"@type":"BreadcrumbList","@id":"https:\/\/cappiello.fr\/en\/produit\/charge-de-sarah\/#breadcrumb","itemListElement":[{"@type":"ListItem","position":1,"name":"Accueil","item":"https:\/\/cappiello.fr\/en\/"},{"@type":"ListItem","position":2,"name":"The works","item":"https:\/\/cappiello.fr\/en\/the-works\/"},{"@type":"ListItem","position":3,"name":"Sarah (Charge de)"}]},{"@type":"WebSite","@id":"https:\/\/cappiello.fr\/en\/#website","url":"https:\/\/cappiello.fr\/en\/","name":"Catalogue raisonn\u00e9 de Leonetto Cappiello","description":"Plongez dans l&#039;univers de Leonetto Cappiello, le p\u00e8re de la publicit\u00e9 moderne","potentialAction":[{"@type":"SearchAction","target":{"@type":"EntryPoint","urlTemplate":"https:\/\/cappiello.fr\/en\/?s={search_term_string}"},"query-input":{"@type":"PropertyValueSpecification","valueRequired":true,"valueName":"search_term_string"}}],"inLanguage":"en-US"}]},"product_price_currency":"EUR","og_availability":"instock","product_availability":"instock","product_condition":"new"},"_links":{"self":[{"href":"https:\/\/cappiello.fr\/en\/wp-json\/wp\/v2\/product\/136242","targetHints":{"allow":["GET"]}}],"collection":[{"href":"https:\/\/cappiello.fr\/en\/wp-json\/wp\/v2\/product"}],"about":[{"href":"https:\/\/cappiello.fr\/en\/wp-json\/wp\/v2\/types\/product"}],"wp:featuredmedia":[{"embeddable":true,"href":"https:\/\/cappiello.fr\/en\/wp-json\/wp\/v2\/media\/136244"}],"wp:attachment":[{"href":"https:\/\/cappiello.fr\/en\/wp-json\/wp\/v2\/media?parent=136242"}],"wp:term":[{"taxonomy":"type-doeuvre","embeddable":true,"href":"https:\/\/cappiello.fr\/en\/wp-json\/wp\/v2\/type-doeuvre?post=136242"},{"taxonomy":"product_brand","embeddable":true,"href":"https:\/\/cappiello.fr\/en\/wp-json\/wp\/v2\/product_brand?post=136242"},{"taxonomy":"product_cat","embeddable":true,"href":"https:\/\/cappiello.fr\/en\/wp-json\/wp\/v2\/product_cat?post=136242"},{"taxonomy":"product_tag","embeddable":true,"href":"https:\/\/cappiello.fr\/en\/wp-json\/wp\/v2\/product_tag?post=136242"}],"curies":[{"name":"wp","href":"https:\/\/api.w.org\/{rel}","templated":true}]}}

<p>R14 : ll s&#8217;agit de Sarah Bernhardt dans le rôle de Médée, dans la pièce du même nom de Catulle Mendès. Elle est inspirée de celle d&#8217; d&#8217;Euripide. <Br><br />
Ce portrait est issu d&#8217;une publicité pour le livre de Jules Huret, intitulé <em>Sarah Bernhardt</em>, avec préface d&#8217;Edmond Rostand, publié par Juven éditeur  .</p>

<!-- This site is optimized with the Yoast SEO Premium plugin v27.0 (Yoast SEO v27.4) - https://yoast.com/product/yoast-seo-premium-wordpress/ -->
<title>Sarah (Charge de) - Catalogue raisonné de Leonetto Cappiello</title>
<meta name="robots" content="index, follow, max-snippet:-1, max-image-preview:large, max-video-preview:-1" />
<link rel="canonical" href="https://cappiello.fr/en/produit/charge-de-sarah/" />
<meta property="og:locale" content="en_US" />
<meta property="og:type" content="article" />
<meta property="og:title" content="Sarah (Charge de)" />
<meta property="og:description" content="R14 : Charge de Sarah, parait dans Le Rire n°235 page 11. R14a : Original R14b : Variante" />
<meta property="og:url" content="https://cappiello.fr/en/produit/charge-de-sarah/" />
<meta property="og:site_name" content="Catalogue raisonné de Leonetto Cappiello" />
<meta property="article:modified_time" content="2026-04-08T20:42:34+00:00" />
<meta property="og:image" content="https://cappiello.fr/wp-content/uploads/1899/05/Sarah-Bernhardt-dans-Medee-caricature-Cappiello.jpg" />
	<meta property="og:image:width" content="529" />
	<meta property="og:image:height" content="800" />
	<meta property="og:image:type" content="image/jpeg" />
<meta name="twitter:card" content="summary_large_image" />
<meta name="twitter:label1" content="Price" />
	<meta name="twitter:data1" content="" />
	<meta name="twitter:label2" content="Availability" />
	<meta name="twitter:data2" content="In stock" />
<script type="application/ld+json" class="yoast-schema-graph">{"@context":"https:\/\/schema.org","@graph":[{"@type":["WebPage","ItemPage"],"@id":"https:\/\/cappiello.fr\/en\/produit\/charge-de-sarah\/","url":"https:\/\/cappiello.fr\/en\/produit\/charge-de-sarah\/","name":"Sarah (Charge de) - Catalogue raisonné de Leonetto Cappiello","isPartOf":{"@id":"https:\/\/cappiello.fr\/en\/#website"},"primaryImageOfPage":{"@id":"https:\/\/cappiello.fr\/en\/produit\/charge-de-sarah\/#primaryimage"},"image":{"@id":"https:\/\/cappiello.fr\/en\/produit\/charge-de-sarah\/#primaryimage"},"thumbnailUrl":"https:\/\/cappiello.fr\/wp-content\/uploads\/1899\/05\/Sarah-Bernhardt-dans-Medee-caricature-Cappiello.jpg","datePublished":"1899-05-06T10:19:25+00:00","dateModified":"2026-04-08T20:42:34+00:00","breadcrumb":{"@id":"https:\/\/cappiello.fr\/en\/produit\/charge-de-sarah\/#breadcrumb"},"inLanguage":"en-US","potentialAction":[{"@type":"ReadAction","target":["https:\/\/cappiello.fr\/en\/produit\/charge-de-sarah\/"]}]},{"@type":"ImageObject","inLanguage":"en-US","@id":"https:\/\/cappiello.fr\/en\/produit\/charge-de-sarah\/#primaryimage","url":"https:\/\/cappiello.fr\/wp-content\/uploads\/1899\/05\/Sarah-Bernhardt-dans-Medee-caricature-Cappiello.jpg","contentUrl":"https:\/\/cappiello.fr\/wp-content\/uploads\/1899\/05\/Sarah-Bernhardt-dans-Medee-caricature-Cappiello.jpg","width":529,"height":800,"caption":"Sarah-Bernhardt dans Médée, caricature de Cappiello"},{"@type":"BreadcrumbList","@id":"https:\/\/cappiello.fr\/en\/produit\/charge-de-sarah\/#breadcrumb","itemListElement":[{"@type":"ListItem","position":1,"name":"Accueil","item":"https:\/\/cappiello.fr\/en\/"},{"@type":"ListItem","position":2,"name":"The works","item":"https:\/\/cappiello.fr\/en\/the-works\/"},{"@type":"ListItem","position":3,"name":"Sarah (Charge de)"}]},{"@type":"WebSite","@id":"https:\/\/cappiello.fr\/en\/#website","url":"https:\/\/cappiello.fr\/en\/","name":"Catalogue raisonné de Leonetto Cappiello","description":"Plongez dans l&#039;univers de Leonetto Cappiello, le père de la publicité moderne","potentialAction":[{"@type":"SearchAction","target":{"@type":"EntryPoint","urlTemplate":"https:\/\/cappiello.fr\/en\/?s={search_term_string}"},"query-input":{"@type":"PropertyValueSpecification","valueRequired":true,"valueName":"search_term_string"}}],"inLanguage":"en-US"}]}</script>
<meta property="product:price:currency" content="EUR" />
<meta property="og:availability" content="instock" />
<meta property="product:availability" content="instock" />
<meta property="product:condition" content="new" />
<!-- / Yoast SEO Premium plugin. -->

Sarah (Charge de) - Catalogue raisonné de Leonetto Cappiello

Catalogue raisonné de Leonetto Cappiello

Sarah-Bernhardt dans Médée, caricature de Cappiello

Plongez dans l&#039;univers de Leonetto Cappiello, le père de la publicité moderne
