{"id":136262,"date":"1899-06-10T12:17:36","date_gmt":"1899-06-10T12:08:15","guid":{"rendered":"https:\/\/cappiello.fr\/?post_type=product&#038;p=136262"},"modified":"2026-04-10T14:32:43","modified_gmt":"2026-04-10T12:32:43","slug":"bi-centenaire-de-la-comedie-francaise-a-propos","status":"publish","type":"product","link":"https:\/\/cappiello.fr\/en\/produit\/bi-centenaire-de-la-comedie-francaise-a-propos\/","title":{"rendered":"Bi-centenaire de la Com\u00e9die-Fran\u00e7aise (\u00e0 propos du)"},"content":{"rendered":"<p>Texte d&#8217;une pi\u00e8ce de th\u00e9\u00e2tre illustr\u00e9 dans lequel Jules Clartie, Administrateur G\u00e9n\u00e9ral de la Com\u00e9die-Fran\u00e7aise pr\u00e9sente \u00e0 Moli\u00e8re les Soci\u00e9taires et les Pensionnaires.<br \/>\nOn reconna\u00eet de gauche \u00e0 droite et de haut en bas :\u00a0Coquelin cadet, Lara, Silvain , F\u00e9raudy et Wanda de Boncza.<Br><br \/>\nLe texte est \u00e9crit sur les  pages R17 et <a href=\"https:\/\/cappiello.fr\/en\/produit\/bi-centenaire-de-la-comedie-francaise-a-propos-suite\/\">R18<\/a>.<\/p>\n","protected":false},"excerpt":{"rendered":"<p>R17 : <em>\u00c0 propos du bi-centenaire de la Com\u00e9die-Fran\u00e7aise (1699 &#8211; 1899)<\/em> publi\u00e9 dans <em>Le Rire<\/em> n\u00b0 240, page 3.<\/p>\n","protected":false},"featured_media":136264,"template":"","meta":{"_acf_changed":false},"type-doeuvre":[4056],"product_brand":[],"product_cat":[4068],"product_tag":[4049,2720],"class_list":{"0":"post-136262","1":"product","2":"type-product","3":"status-publish","4":"has-post-thumbnail","6":"type-doeuvre-caricatures","7":"product_cat-groupe-dacteurs","8":"product_tag-de-profil-gauche","9":"product_tag-silhouette","10":"pa_type-de-contenu-caricature-de-divertissement","12":"first","13":"instock","14":"shipping-taxable","15":"product-type-simple"},"acf":[],"yoast_head":"<!-- This site is optimized with the Yoast SEO Premium plugin v27.0 (Yoast SEO v27.4) - https:\/\/yoast.com\/product\/yoast-seo-premium-wordpress\/ -->\n<title>Bi-centenaire de la Com\u00e9die-Fran\u00e7aise (\u00e0 propos du) - Catalogue raisonn\u00e9 de Leonetto Cappiello<\/title>\n<meta name=\"robots\" content=\"index, follow, max-snippet:-1, max-image-preview:large, max-video-preview:-1\" \/>\n<link rel=\"canonical\" href=\"https:\/\/cappiello.fr\/en\/produit\/bi-centenaire-de-la-comedie-francaise-a-propos\/\" \/>\n<meta property=\"og:locale\" content=\"en_US\" \/>\n<meta property=\"og:type\" content=\"article\" \/>\n<meta property=\"og:title\" content=\"Bi-centenaire de la Com\u00e9die-Fran\u00e7aise (\u00e0 propos du)\" \/>\n<meta property=\"og:description\" content=\"R17 : \u00c0 propos du bi-centenaire de la Com\u00e9die-Fran\u00e7aise (1699 - 1899) publi\u00e9 dans Le Rire n\u00b0 240, page 3.\" \/>\n<meta property=\"og:url\" content=\"https:\/\/cappiello.fr\/en\/produit\/bi-centenaire-de-la-comedie-francaise-a-propos\/\" \/>\n<meta property=\"og:site_name\" content=\"Catalogue raisonn\u00e9 de Leonetto Cappiello\" \/>\n<meta property=\"article:modified_time\" content=\"2026-04-10T12:32:43+00:00\" \/>\n<meta property=\"og:image\" content=\"https:\/\/cappiello.fr\/wp-content\/uploads\/2026\/01\/Bi-centenaire-Comedie-Francaise-page-1-caricature-Cappiello.jpg\" \/>\n\t<meta property=\"og:image:width\" content=\"551\" \/>\n\t<meta property=\"og:image:height\" content=\"800\" \/>\n\t<meta property=\"og:image:type\" content=\"image\/jpeg\" \/>\n<meta name=\"twitter:card\" content=\"summary_large_image\" \/>\n<meta name=\"twitter:label1\" content=\"Price\" \/>\n\t<meta name=\"twitter:data1\" content=\"\" \/>\n\t<meta name=\"twitter:label2\" content=\"Availability\" \/>\n\t<meta name=\"twitter:data2\" content=\"In stock\" \/>\n<script type=\"application\/ld+json\" class=\"yoast-schema-graph\">{\"@context\":\"https:\\\/\\\/schema.org\",\"@graph\":[{\"@type\":[\"WebPage\",\"ItemPage\"],\"@id\":\"https:\\\/\\\/cappiello.fr\\\/en\\\/produit\\\/bi-centenaire-de-la-comedie-francaise-a-propos\\\/\",\"url\":\"https:\\\/\\\/cappiello.fr\\\/en\\\/produit\\\/bi-centenaire-de-la-comedie-francaise-a-propos\\\/\",\"name\":\"Bi-centenaire de la Com\u00e9die-Fran\u00e7aise (\u00e0 propos du) - Catalogue raisonn\u00e9 de Leonetto Cappiello\",\"isPartOf\":{\"@id\":\"https:\\\/\\\/cappiello.fr\\\/en\\\/#website\"},\"primaryImageOfPage\":{\"@id\":\"https:\\\/\\\/cappiello.fr\\\/en\\\/produit\\\/bi-centenaire-de-la-comedie-francaise-a-propos\\\/#primaryimage\"},\"image\":{\"@id\":\"https:\\\/\\\/cappiello.fr\\\/en\\\/produit\\\/bi-centenaire-de-la-comedie-francaise-a-propos\\\/#primaryimage\"},\"thumbnailUrl\":\"https:\\\/\\\/cappiello.fr\\\/wp-content\\\/uploads\\\/2026\\\/01\\\/Bi-centenaire-Comedie-Francaise-page-1-caricature-Cappiello.jpg\",\"datePublished\":\"1899-06-10T12:08:15+00:00\",\"dateModified\":\"2026-04-10T12:32:43+00:00\",\"breadcrumb\":{\"@id\":\"https:\\\/\\\/cappiello.fr\\\/en\\\/produit\\\/bi-centenaire-de-la-comedie-francaise-a-propos\\\/#breadcrumb\"},\"inLanguage\":\"en-US\",\"potentialAction\":[{\"@type\":\"ReadAction\",\"target\":[\"https:\\\/\\\/cappiello.fr\\\/en\\\/produit\\\/bi-centenaire-de-la-comedie-francaise-a-propos\\\/\"]}]},{\"@type\":\"ImageObject\",\"inLanguage\":\"en-US\",\"@id\":\"https:\\\/\\\/cappiello.fr\\\/en\\\/produit\\\/bi-centenaire-de-la-comedie-francaise-a-propos\\\/#primaryimage\",\"url\":\"https:\\\/\\\/cappiello.fr\\\/wp-content\\\/uploads\\\/2026\\\/01\\\/Bi-centenaire-Comedie-Francaise-page-1-caricature-Cappiello.jpg\",\"contentUrl\":\"https:\\\/\\\/cappiello.fr\\\/wp-content\\\/uploads\\\/2026\\\/01\\\/Bi-centenaire-Comedie-Francaise-page-1-caricature-Cappiello.jpg\",\"width\":551,\"height\":800,\"caption\":\"A propos du bi-centenaire de la Com\u00e9die-Fran\u00e7aise, caricatures de Cappiello\"},{\"@type\":\"BreadcrumbList\",\"@id\":\"https:\\\/\\\/cappiello.fr\\\/en\\\/produit\\\/bi-centenaire-de-la-comedie-francaise-a-propos\\\/#breadcrumb\",\"itemListElement\":[{\"@type\":\"ListItem\",\"position\":1,\"name\":\"Accueil\",\"item\":\"https:\\\/\\\/cappiello.fr\\\/en\\\/\"},{\"@type\":\"ListItem\",\"position\":2,\"name\":\"The works\",\"item\":\"https:\\\/\\\/cappiello.fr\\\/en\\\/the-works\\\/\"},{\"@type\":\"ListItem\",\"position\":3,\"name\":\"Bi-centenaire de la Com\u00e9die-Fran\u00e7aise (\u00e0 propos du)\"}]},{\"@type\":\"WebSite\",\"@id\":\"https:\\\/\\\/cappiello.fr\\\/en\\\/#website\",\"url\":\"https:\\\/\\\/cappiello.fr\\\/en\\\/\",\"name\":\"Catalogue raisonn\u00e9 de Leonetto Cappiello\",\"description\":\"Plongez dans l&#039;univers de Leonetto Cappiello, le p\u00e8re de la publicit\u00e9 moderne\",\"potentialAction\":[{\"@type\":\"SearchAction\",\"target\":{\"@type\":\"EntryPoint\",\"urlTemplate\":\"https:\\\/\\\/cappiello.fr\\\/en\\\/?s={search_term_string}\"},\"query-input\":{\"@type\":\"PropertyValueSpecification\",\"valueRequired\":true,\"valueName\":\"search_term_string\"}}],\"inLanguage\":\"en-US\"}]}<\/script>\n<meta property=\"product:price:currency\" content=\"EUR\" \/>\n<meta property=\"og:availability\" content=\"instock\" \/>\n<meta property=\"product:availability\" content=\"instock\" \/>\n<meta property=\"product:retailer_item_id\" content=\"R17\" \/>\n<meta property=\"product:condition\" content=\"new\" \/>\n<!-- \/ Yoast SEO Premium plugin. -->","yoast_head_json":{"title":"Bi-centenaire de la Com\u00e9die-Fran\u00e7aise (\u00e0 propos du) - Catalogue raisonn\u00e9 de Leonetto Cappiello","robots":{"index":"index","follow":"follow","max-snippet":"max-snippet:-1","max-image-preview":"max-image-preview:large","max-video-preview":"max-video-preview:-1"},"canonical":"https:\/\/cappiello.fr\/en\/produit\/bi-centenaire-de-la-comedie-francaise-a-propos\/","og_locale":"en_US","og_type":"article","og_title":"Bi-centenaire de la Com\u00e9die-Fran\u00e7aise (\u00e0 propos du)","og_description":"R17 : \u00c0 propos du bi-centenaire de la Com\u00e9die-Fran\u00e7aise (1699 - 1899) publi\u00e9 dans Le Rire n\u00b0 240, page 3.","og_url":"https:\/\/cappiello.fr\/en\/produit\/bi-centenaire-de-la-comedie-francaise-a-propos\/","og_site_name":"Catalogue raisonn\u00e9 de Leonetto Cappiello","article_modified_time":"2026-04-10T12:32:43+00:00","og_image":[{"width":551,"height":800,"url":"https:\/\/cappiello.fr\/wp-content\/uploads\/2026\/01\/Bi-centenaire-Comedie-Francaise-page-1-caricature-Cappiello.jpg","type":"image\/jpeg"}],"twitter_card":"summary_large_image","twitter_misc":{"Price":"","Availability":"In stock"},"schema":{"@context":"https:\/\/schema.org","@graph":[{"@type":["WebPage","ItemPage"],"@id":"https:\/\/cappiello.fr\/en\/produit\/bi-centenaire-de-la-comedie-francaise-a-propos\/","url":"https:\/\/cappiello.fr\/en\/produit\/bi-centenaire-de-la-comedie-francaise-a-propos\/","name":"Bi-centenaire de la Com\u00e9die-Fran\u00e7aise (\u00e0 propos du) - Catalogue raisonn\u00e9 de Leonetto Cappiello","isPartOf":{"@id":"https:\/\/cappiello.fr\/en\/#website"},"primaryImageOfPage":{"@id":"https:\/\/cappiello.fr\/en\/produit\/bi-centenaire-de-la-comedie-francaise-a-propos\/#primaryimage"},"image":{"@id":"https:\/\/cappiello.fr\/en\/produit\/bi-centenaire-de-la-comedie-francaise-a-propos\/#primaryimage"},"thumbnailUrl":"https:\/\/cappiello.fr\/wp-content\/uploads\/2026\/01\/Bi-centenaire-Comedie-Francaise-page-1-caricature-Cappiello.jpg","datePublished":"1899-06-10T12:08:15+00:00","dateModified":"2026-04-10T12:32:43+00:00","breadcrumb":{"@id":"https:\/\/cappiello.fr\/en\/produit\/bi-centenaire-de-la-comedie-francaise-a-propos\/#breadcrumb"},"inLanguage":"en-US","potentialAction":[{"@type":"ReadAction","target":["https:\/\/cappiello.fr\/en\/produit\/bi-centenaire-de-la-comedie-francaise-a-propos\/"]}]},{"@type":"ImageObject","inLanguage":"en-US","@id":"https:\/\/cappiello.fr\/en\/produit\/bi-centenaire-de-la-comedie-francaise-a-propos\/#primaryimage","url":"https:\/\/cappiello.fr\/wp-content\/uploads\/2026\/01\/Bi-centenaire-Comedie-Francaise-page-1-caricature-Cappiello.jpg","contentUrl":"https:\/\/cappiello.fr\/wp-content\/uploads\/2026\/01\/Bi-centenaire-Comedie-Francaise-page-1-caricature-Cappiello.jpg","width":551,"height":800,"caption":"A propos du bi-centenaire de la Com\u00e9die-Fran\u00e7aise, caricatures de Cappiello"},{"@type":"BreadcrumbList","@id":"https:\/\/cappiello.fr\/en\/produit\/bi-centenaire-de-la-comedie-francaise-a-propos\/#breadcrumb","itemListElement":[{"@type":"ListItem","position":1,"name":"Accueil","item":"https:\/\/cappiello.fr\/en\/"},{"@type":"ListItem","position":2,"name":"The works","item":"https:\/\/cappiello.fr\/en\/the-works\/"},{"@type":"ListItem","position":3,"name":"Bi-centenaire de la Com\u00e9die-Fran\u00e7aise (\u00e0 propos du)"}]},{"@type":"WebSite","@id":"https:\/\/cappiello.fr\/en\/#website","url":"https:\/\/cappiello.fr\/en\/","name":"Catalogue raisonn\u00e9 de Leonetto Cappiello","description":"Plongez dans l&#039;univers de Leonetto Cappiello, le p\u00e8re de la publicit\u00e9 moderne","potentialAction":[{"@type":"SearchAction","target":{"@type":"EntryPoint","urlTemplate":"https:\/\/cappiello.fr\/en\/?s={search_term_string}"},"query-input":{"@type":"PropertyValueSpecification","valueRequired":true,"valueName":"search_term_string"}}],"inLanguage":"en-US"}]},"product_price_currency":"EUR","og_availability":"instock","product_availability":"instock","product_retailer_item_id":"R17","product_condition":"new"},"_links":{"self":[{"href":"https:\/\/cappiello.fr\/en\/wp-json\/wp\/v2\/product\/136262","targetHints":{"allow":["GET"]}}],"collection":[{"href":"https:\/\/cappiello.fr\/en\/wp-json\/wp\/v2\/product"}],"about":[{"href":"https:\/\/cappiello.fr\/en\/wp-json\/wp\/v2\/types\/product"}],"wp:featuredmedia":[{"embeddable":true,"href":"https:\/\/cappiello.fr\/en\/wp-json\/wp\/v2\/media\/136264"}],"wp:attachment":[{"href":"https:\/\/cappiello.fr\/en\/wp-json\/wp\/v2\/media?parent=136262"}],"wp:term":[{"taxonomy":"type-doeuvre","embeddable":true,"href":"https:\/\/cappiello.fr\/en\/wp-json\/wp\/v2\/type-doeuvre?post=136262"},{"taxonomy":"product_brand","embeddable":true,"href":"https:\/\/cappiello.fr\/en\/wp-json\/wp\/v2\/product_brand?post=136262"},{"taxonomy":"product_cat","embeddable":true,"href":"https:\/\/cappiello.fr\/en\/wp-json\/wp\/v2\/product_cat?post=136262"},{"taxonomy":"product_tag","embeddable":true,"href":"https:\/\/cappiello.fr\/en\/wp-json\/wp\/v2\/product_tag?post=136262"}],"curies":[{"name":"wp","href":"https:\/\/api.w.org\/{rel}","templated":true}]}}

Bi-centenaire de la Comédie-Française (à propos du)

<p>Texte d&#8217;une pièce de théâtre illustré dans lequel Jules Clartie, Administrateur Général de la Comédie-Française présente à Molière les Sociétaires et les Pensionnaires.<br />
On reconnaît de gauche à droite et de haut en bas : Coquelin cadet, Lara, Silvain , Féraudy et Wanda de Boncza.<Br><br />
Le texte est écrit sur les  pages R17 et <a href="https://cappiello.fr/en/produit/bi-centenaire-de-la-comedie-francaise-a-propos-suite/">R18</a>.</p>

<p>R17 : <em>À propos du bi-centenaire de la Comédie-Française (1699 &#8211; 1899)</em> publié dans <em>Le Rire</em> n° 240, page 3.</p>

<!-- This site is optimized with the Yoast SEO Premium plugin v27.0 (Yoast SEO v27.4) - https://yoast.com/product/yoast-seo-premium-wordpress/ -->
<title>Bi-centenaire de la Comédie-Française (à propos du) - Catalogue raisonné de Leonetto Cappiello</title>
<meta name="robots" content="index, follow, max-snippet:-1, max-image-preview:large, max-video-preview:-1" />
<link rel="canonical" href="https://cappiello.fr/en/produit/bi-centenaire-de-la-comedie-francaise-a-propos/" />
<meta property="og:locale" content="en_US" />
<meta property="og:type" content="article" />
<meta property="og:title" content="Bi-centenaire de la Comédie-Française (à propos du)" />
<meta property="og:description" content="R17 : À propos du bi-centenaire de la Comédie-Française (1699 - 1899) publié dans Le Rire n° 240, page 3." />
<meta property="og:url" content="https://cappiello.fr/en/produit/bi-centenaire-de-la-comedie-francaise-a-propos/" />
<meta property="og:site_name" content="Catalogue raisonné de Leonetto Cappiello" />
<meta property="article:modified_time" content="2026-04-10T12:32:43+00:00" />
<meta property="og:image" content="https://cappiello.fr/wp-content/uploads/2026/01/Bi-centenaire-Comedie-Francaise-page-1-caricature-Cappiello.jpg" />
	<meta property="og:image:width" content="551" />
	<meta property="og:image:height" content="800" />
	<meta property="og:image:type" content="image/jpeg" />
<meta name="twitter:card" content="summary_large_image" />
<meta name="twitter:label1" content="Price" />
	<meta name="twitter:data1" content="" />
	<meta name="twitter:label2" content="Availability" />
	<meta name="twitter:data2" content="In stock" />
<script type="application/ld+json" class="yoast-schema-graph">{"@context":"https:\/\/schema.org","@graph":[{"@type":["WebPage","ItemPage"],"@id":"https:\/\/cappiello.fr\/en\/produit\/bi-centenaire-de-la-comedie-francaise-a-propos\/","url":"https:\/\/cappiello.fr\/en\/produit\/bi-centenaire-de-la-comedie-francaise-a-propos\/","name":"Bi-centenaire de la Comédie-Française (à propos du) - Catalogue raisonné de Leonetto Cappiello","isPartOf":{"@id":"https:\/\/cappiello.fr\/en\/#website"},"primaryImageOfPage":{"@id":"https:\/\/cappiello.fr\/en\/produit\/bi-centenaire-de-la-comedie-francaise-a-propos\/#primaryimage"},"image":{"@id":"https:\/\/cappiello.fr\/en\/produit\/bi-centenaire-de-la-comedie-francaise-a-propos\/#primaryimage"},"thumbnailUrl":"https:\/\/cappiello.fr\/wp-content\/uploads\/2026\/01\/Bi-centenaire-Comedie-Francaise-page-1-caricature-Cappiello.jpg","datePublished":"1899-06-10T12:08:15+00:00","dateModified":"2026-04-10T12:32:43+00:00","breadcrumb":{"@id":"https:\/\/cappiello.fr\/en\/produit\/bi-centenaire-de-la-comedie-francaise-a-propos\/#breadcrumb"},"inLanguage":"en-US","potentialAction":[{"@type":"ReadAction","target":["https:\/\/cappiello.fr\/en\/produit\/bi-centenaire-de-la-comedie-francaise-a-propos\/"]}]},{"@type":"ImageObject","inLanguage":"en-US","@id":"https:\/\/cappiello.fr\/en\/produit\/bi-centenaire-de-la-comedie-francaise-a-propos\/#primaryimage","url":"https:\/\/cappiello.fr\/wp-content\/uploads\/2026\/01\/Bi-centenaire-Comedie-Francaise-page-1-caricature-Cappiello.jpg","contentUrl":"https:\/\/cappiello.fr\/wp-content\/uploads\/2026\/01\/Bi-centenaire-Comedie-Francaise-page-1-caricature-Cappiello.jpg","width":551,"height":800,"caption":"A propos du bi-centenaire de la Comédie-Française, caricatures de Cappiello"},{"@type":"BreadcrumbList","@id":"https:\/\/cappiello.fr\/en\/produit\/bi-centenaire-de-la-comedie-francaise-a-propos\/#breadcrumb","itemListElement":[{"@type":"ListItem","position":1,"name":"Accueil","item":"https:\/\/cappiello.fr\/en\/"},{"@type":"ListItem","position":2,"name":"The works","item":"https:\/\/cappiello.fr\/en\/the-works\/"},{"@type":"ListItem","position":3,"name":"Bi-centenaire de la Comédie-Française (à propos du)"}]},{"@type":"WebSite","@id":"https:\/\/cappiello.fr\/en\/#website","url":"https:\/\/cappiello.fr\/en\/","name":"Catalogue raisonné de Leonetto Cappiello","description":"Plongez dans l&#039;univers de Leonetto Cappiello, le père de la publicité moderne","potentialAction":[{"@type":"SearchAction","target":{"@type":"EntryPoint","urlTemplate":"https:\/\/cappiello.fr\/en\/?s={search_term_string}"},"query-input":{"@type":"PropertyValueSpecification","valueRequired":true,"valueName":"search_term_string"}}],"inLanguage":"en-US"}]}</script>
<meta property="product:price:currency" content="EUR" />
<meta property="og:availability" content="instock" />
<meta property="product:availability" content="instock" />
<meta property="product:retailer_item_id" content="R17" />
<meta property="product:condition" content="new" />
<!-- / Yoast SEO Premium plugin. -->

Bi-centenaire de la Comédie-Française (à propos du) - Catalogue raisonné de Leonetto Cappiello

R17 : À propos du bi-centenaire de la Comédie-Française (1699 - 1899) publié dans Le Rire n° 240, page 3.

Catalogue raisonné de Leonetto Cappiello

A propos du bi-centenaire de la Comédie-Française, caricatures de Cappiello

Plongez dans l&#039;univers de Leonetto Cappiello, le père de la publicité moderne
