{"id":136414,"date":"1902-08-02T09:50:41","date_gmt":"1902-08-02T09:41:20","guid":{"rendered":"https:\/\/cappiello.fr\/?post_type=product&#038;p=136414"},"modified":"2026-04-10T14:05:44","modified_gmt":"2026-04-10T12:05:44","slug":"le-passe-a-la-comedie-francaise","status":"publish","type":"product","link":"https:\/\/cappiello.fr\/en\/produit\/le-passe-a-la-comedie-francaise\/","title":{"rendered":"Le Pass\u00e9 \u00e0 la Com\u00e9die-fran\u00e7aise"},"content":{"rendered":"<p>R38 : <em>Le Pass\u00e9<\/em> \u00e0 la Com\u00e9die-fran\u00e7aise. Pi\u00e8ce en prose de Porto-Riche.<Br><br \/>\nOn reconna\u00eet de gauche \u00e0 droite: Rapha\u00ebl Duflos dans le r\u00f4le de Fran\u00e7ois Prieur, M<sup>lle<\/sup> Brand\u00e8s dans celui de Dominique Brienne,<br \/>\nHenry Mayer dans celui de Maurice Arnault. <Br><br \/>\nCe dessin a \u00e9t\u00e9 reproduit \u00e9galement dans <em>Le Th\u00e9\u00e2tre<\/em> n\u00b0104 du 16 avril 1903.<Br><br \/>\nR38a : Original<Br><br \/>\nRF 37433 : Croquis pr\u00e9paratoire de Rapha\u00ebl Duflos.<Br><br \/>\nRF 37435 : Croquis pr\u00e9paratoire de Rapha\u00ebl Duflos.<Br><br \/>\nRF 37407 : Croquis pr\u00e9paratoire de Henry Mayer.<Br><br \/>\nRF 37406 : Croquis pr\u00e9paratoire de Henry Mayer.<\/p>\n","protected":false},"excerpt":{"rendered":"<p>R38 : Publi\u00e9 dans Le Rire n\u00b0404, suppl\u00e9ment en couleurs page 10 et 11.<Br><br \/>\nR38a : Original<Br><br \/>\nRF 37433 : vignette<Br><br \/>\nRF 37435 : vignette<Br><br \/>\nRF 37407 : vignette<Br><br \/>\nRF 37406 : vignette<\/p>\n","protected":false},"featured_media":136416,"template":"","meta":{"_acf_changed":false},"type-doeuvre":[4056],"product_brand":[],"product_cat":[4068],"product_tag":[4122,2339,2510,2365],"class_list":{"0":"post-136414","1":"product","2":"type-product","3":"status-publish","4":"has-post-thumbnail","6":"type-doeuvre-caricatures","7":"product_cat-groupe-dacteurs","8":"product_tag-ballustrade","9":"product_tag-chapeau","10":"product_tag-moustache","11":"product_tag-robe-longue","12":"pa_type-de-contenu-caricature-de-divertissement","14":"first","15":"instock","16":"shipping-taxable","17":"product-type-simple"},"acf":[],"yoast_head":"<!-- This site is optimized with the Yoast SEO Premium plugin v27.0 (Yoast SEO v27.4) - https:\/\/yoast.com\/product\/yoast-seo-premium-wordpress\/ -->\n<title>Le Pass\u00e9 \u00e0 la Com\u00e9die-fran\u00e7aise - Catalogue raisonn\u00e9 de Leonetto Cappiello<\/title>\n<meta name=\"robots\" content=\"index, follow, max-snippet:-1, max-image-preview:large, max-video-preview:-1\" \/>\n<link rel=\"canonical\" href=\"https:\/\/cappiello.fr\/en\/produit\/le-passe-a-la-comedie-francaise\/\" \/>\n<meta property=\"og:locale\" content=\"en_US\" \/>\n<meta property=\"og:type\" content=\"article\" \/>\n<meta property=\"og:title\" content=\"Le Pass\u00e9 \u00e0 la Com\u00e9die-fran\u00e7aise\" \/>\n<meta property=\"og:description\" content=\"R38 : Publi\u00e9 dans Le Rire n\u00b0404, suppl\u00e9ment en couleurs page 10 et 11. R38a : Original RF 37433 : vignette RF 37435 : vignette RF 37407 : vignette RF 37406 : vignette\" \/>\n<meta property=\"og:url\" content=\"https:\/\/cappiello.fr\/en\/produit\/le-passe-a-la-comedie-francaise\/\" \/>\n<meta property=\"og:site_name\" content=\"Catalogue raisonn\u00e9 de Leonetto Cappiello\" \/>\n<meta property=\"article:modified_time\" content=\"2026-04-10T12:05:44+00:00\" \/>\n<meta property=\"og:image\" content=\"https:\/\/cappiello.fr\/wp-content\/uploads\/1902\/08\/Le-Passe-a-la-Comedie-francaise-caricature-Cappiello.jpg\" \/>\n\t<meta property=\"og:image:width\" content=\"1211\" \/>\n\t<meta property=\"og:image:height\" content=\"800\" \/>\n\t<meta property=\"og:image:type\" content=\"image\/jpeg\" \/>\n<meta name=\"twitter:card\" content=\"summary_large_image\" \/>\n<meta name=\"twitter:label1\" content=\"Price\" \/>\n\t<meta name=\"twitter:data1\" content=\"\" \/>\n\t<meta name=\"twitter:label2\" content=\"Availability\" \/>\n\t<meta name=\"twitter:data2\" content=\"In stock\" \/>\n<script type=\"application\/ld+json\" class=\"yoast-schema-graph\">{\"@context\":\"https:\\\/\\\/schema.org\",\"@graph\":[{\"@type\":[\"WebPage\",\"ItemPage\"],\"@id\":\"https:\\\/\\\/cappiello.fr\\\/en\\\/produit\\\/le-passe-a-la-comedie-francaise\\\/\",\"url\":\"https:\\\/\\\/cappiello.fr\\\/en\\\/produit\\\/le-passe-a-la-comedie-francaise\\\/\",\"name\":\"Le Pass\u00e9 \u00e0 la Com\u00e9die-fran\u00e7aise - Catalogue raisonn\u00e9 de Leonetto Cappiello\",\"isPartOf\":{\"@id\":\"https:\\\/\\\/cappiello.fr\\\/en\\\/#website\"},\"primaryImageOfPage\":{\"@id\":\"https:\\\/\\\/cappiello.fr\\\/en\\\/produit\\\/le-passe-a-la-comedie-francaise\\\/#primaryimage\"},\"image\":{\"@id\":\"https:\\\/\\\/cappiello.fr\\\/en\\\/produit\\\/le-passe-a-la-comedie-francaise\\\/#primaryimage\"},\"thumbnailUrl\":\"https:\\\/\\\/cappiello.fr\\\/wp-content\\\/uploads\\\/1902\\\/08\\\/Le-Passe-a-la-Comedie-francaise-caricature-Cappiello.jpg\",\"datePublished\":\"1902-08-02T09:41:20+00:00\",\"dateModified\":\"2026-04-10T12:05:44+00:00\",\"breadcrumb\":{\"@id\":\"https:\\\/\\\/cappiello.fr\\\/en\\\/produit\\\/le-passe-a-la-comedie-francaise\\\/#breadcrumb\"},\"inLanguage\":\"en-US\",\"potentialAction\":[{\"@type\":\"ReadAction\",\"target\":[\"https:\\\/\\\/cappiello.fr\\\/en\\\/produit\\\/le-passe-a-la-comedie-francaise\\\/\"]}]},{\"@type\":\"ImageObject\",\"inLanguage\":\"en-US\",\"@id\":\"https:\\\/\\\/cappiello.fr\\\/en\\\/produit\\\/le-passe-a-la-comedie-francaise\\\/#primaryimage\",\"url\":\"https:\\\/\\\/cappiello.fr\\\/wp-content\\\/uploads\\\/1902\\\/08\\\/Le-Passe-a-la-Comedie-francaise-caricature-Cappiello.jpg\",\"contentUrl\":\"https:\\\/\\\/cappiello.fr\\\/wp-content\\\/uploads\\\/1902\\\/08\\\/Le-Passe-a-la-Comedie-francaise-caricature-Cappiello.jpg\",\"width\":1211,\"height\":800,\"caption\":\"Le pass\u00e9 \u00e0 la Com\u00e9die-fran\u00e7aise. Caricature de Cappiello. On reconnait de gauche \u00e0 droite : Duflos, Brand\u00e8s, Meyer.\"},{\"@type\":\"BreadcrumbList\",\"@id\":\"https:\\\/\\\/cappiello.fr\\\/en\\\/produit\\\/le-passe-a-la-comedie-francaise\\\/#breadcrumb\",\"itemListElement\":[{\"@type\":\"ListItem\",\"position\":1,\"name\":\"Accueil\",\"item\":\"https:\\\/\\\/cappiello.fr\\\/en\\\/\"},{\"@type\":\"ListItem\",\"position\":2,\"name\":\"The works\",\"item\":\"https:\\\/\\\/cappiello.fr\\\/en\\\/the-works\\\/\"},{\"@type\":\"ListItem\",\"position\":3,\"name\":\"Le Pass\u00e9 \u00e0 la Com\u00e9die-fran\u00e7aise\"}]},{\"@type\":\"WebSite\",\"@id\":\"https:\\\/\\\/cappiello.fr\\\/en\\\/#website\",\"url\":\"https:\\\/\\\/cappiello.fr\\\/en\\\/\",\"name\":\"Catalogue raisonn\u00e9 de Leonetto Cappiello\",\"description\":\"Plongez dans l&#039;univers de Leonetto Cappiello, le p\u00e8re de la publicit\u00e9 moderne\",\"potentialAction\":[{\"@type\":\"SearchAction\",\"target\":{\"@type\":\"EntryPoint\",\"urlTemplate\":\"https:\\\/\\\/cappiello.fr\\\/en\\\/?s={search_term_string}\"},\"query-input\":{\"@type\":\"PropertyValueSpecification\",\"valueRequired\":true,\"valueName\":\"search_term_string\"}}],\"inLanguage\":\"en-US\"}]}<\/script>\n<meta property=\"product:price:currency\" content=\"EUR\" \/>\n<meta property=\"og:availability\" content=\"instock\" \/>\n<meta property=\"product:availability\" content=\"instock\" \/>\n<meta property=\"product:retailer_item_id\" content=\"R38\" \/>\n<meta property=\"product:condition\" content=\"new\" \/>\n<!-- \/ Yoast SEO Premium plugin. -->","yoast_head_json":{"title":"Le Pass\u00e9 \u00e0 la Com\u00e9die-fran\u00e7aise - Catalogue raisonn\u00e9 de Leonetto Cappiello","robots":{"index":"index","follow":"follow","max-snippet":"max-snippet:-1","max-image-preview":"max-image-preview:large","max-video-preview":"max-video-preview:-1"},"canonical":"https:\/\/cappiello.fr\/en\/produit\/le-passe-a-la-comedie-francaise\/","og_locale":"en_US","og_type":"article","og_title":"Le Pass\u00e9 \u00e0 la Com\u00e9die-fran\u00e7aise","og_description":"R38 : Publi\u00e9 dans Le Rire n\u00b0404, suppl\u00e9ment en couleurs page 10 et 11. R38a : Original RF 37433 : vignette RF 37435 : vignette RF 37407 : vignette RF 37406 : vignette","og_url":"https:\/\/cappiello.fr\/en\/produit\/le-passe-a-la-comedie-francaise\/","og_site_name":"Catalogue raisonn\u00e9 de Leonetto Cappiello","article_modified_time":"2026-04-10T12:05:44+00:00","og_image":[{"width":1211,"height":800,"url":"https:\/\/cappiello.fr\/wp-content\/uploads\/1902\/08\/Le-Passe-a-la-Comedie-francaise-caricature-Cappiello.jpg","type":"image\/jpeg"}],"twitter_card":"summary_large_image","twitter_misc":{"Price":"","Availability":"In stock"},"schema":{"@context":"https:\/\/schema.org","@graph":[{"@type":["WebPage","ItemPage"],"@id":"https:\/\/cappiello.fr\/en\/produit\/le-passe-a-la-comedie-francaise\/","url":"https:\/\/cappiello.fr\/en\/produit\/le-passe-a-la-comedie-francaise\/","name":"Le Pass\u00e9 \u00e0 la Com\u00e9die-fran\u00e7aise - Catalogue raisonn\u00e9 de Leonetto Cappiello","isPartOf":{"@id":"https:\/\/cappiello.fr\/en\/#website"},"primaryImageOfPage":{"@id":"https:\/\/cappiello.fr\/en\/produit\/le-passe-a-la-comedie-francaise\/#primaryimage"},"image":{"@id":"https:\/\/cappiello.fr\/en\/produit\/le-passe-a-la-comedie-francaise\/#primaryimage"},"thumbnailUrl":"https:\/\/cappiello.fr\/wp-content\/uploads\/1902\/08\/Le-Passe-a-la-Comedie-francaise-caricature-Cappiello.jpg","datePublished":"1902-08-02T09:41:20+00:00","dateModified":"2026-04-10T12:05:44+00:00","breadcrumb":{"@id":"https:\/\/cappiello.fr\/en\/produit\/le-passe-a-la-comedie-francaise\/#breadcrumb"},"inLanguage":"en-US","potentialAction":[{"@type":"ReadAction","target":["https:\/\/cappiello.fr\/en\/produit\/le-passe-a-la-comedie-francaise\/"]}]},{"@type":"ImageObject","inLanguage":"en-US","@id":"https:\/\/cappiello.fr\/en\/produit\/le-passe-a-la-comedie-francaise\/#primaryimage","url":"https:\/\/cappiello.fr\/wp-content\/uploads\/1902\/08\/Le-Passe-a-la-Comedie-francaise-caricature-Cappiello.jpg","contentUrl":"https:\/\/cappiello.fr\/wp-content\/uploads\/1902\/08\/Le-Passe-a-la-Comedie-francaise-caricature-Cappiello.jpg","width":1211,"height":800,"caption":"Le pass\u00e9 \u00e0 la Com\u00e9die-fran\u00e7aise. Caricature de Cappiello. On reconnait de gauche \u00e0 droite : Duflos, Brand\u00e8s, Meyer."},{"@type":"BreadcrumbList","@id":"https:\/\/cappiello.fr\/en\/produit\/le-passe-a-la-comedie-francaise\/#breadcrumb","itemListElement":[{"@type":"ListItem","position":1,"name":"Accueil","item":"https:\/\/cappiello.fr\/en\/"},{"@type":"ListItem","position":2,"name":"The works","item":"https:\/\/cappiello.fr\/en\/the-works\/"},{"@type":"ListItem","position":3,"name":"Le Pass\u00e9 \u00e0 la Com\u00e9die-fran\u00e7aise"}]},{"@type":"WebSite","@id":"https:\/\/cappiello.fr\/en\/#website","url":"https:\/\/cappiello.fr\/en\/","name":"Catalogue raisonn\u00e9 de Leonetto Cappiello","description":"Plongez dans l&#039;univers de Leonetto Cappiello, le p\u00e8re de la publicit\u00e9 moderne","potentialAction":[{"@type":"SearchAction","target":{"@type":"EntryPoint","urlTemplate":"https:\/\/cappiello.fr\/en\/?s={search_term_string}"},"query-input":{"@type":"PropertyValueSpecification","valueRequired":true,"valueName":"search_term_string"}}],"inLanguage":"en-US"}]},"product_price_currency":"EUR","og_availability":"instock","product_availability":"instock","product_retailer_item_id":"R38","product_condition":"new"},"_links":{"self":[{"href":"https:\/\/cappiello.fr\/en\/wp-json\/wp\/v2\/product\/136414","targetHints":{"allow":["GET"]}}],"collection":[{"href":"https:\/\/cappiello.fr\/en\/wp-json\/wp\/v2\/product"}],"about":[{"href":"https:\/\/cappiello.fr\/en\/wp-json\/wp\/v2\/types\/product"}],"wp:featuredmedia":[{"embeddable":true,"href":"https:\/\/cappiello.fr\/en\/wp-json\/wp\/v2\/media\/136416"}],"wp:attachment":[{"href":"https:\/\/cappiello.fr\/en\/wp-json\/wp\/v2\/media?parent=136414"}],"wp:term":[{"taxonomy":"type-doeuvre","embeddable":true,"href":"https:\/\/cappiello.fr\/en\/wp-json\/wp\/v2\/type-doeuvre?post=136414"},{"taxonomy":"product_brand","embeddable":true,"href":"https:\/\/cappiello.fr\/en\/wp-json\/wp\/v2\/product_brand?post=136414"},{"taxonomy":"product_cat","embeddable":true,"href":"https:\/\/cappiello.fr\/en\/wp-json\/wp\/v2\/product_cat?post=136414"},{"taxonomy":"product_tag","embeddable":true,"href":"https:\/\/cappiello.fr\/en\/wp-json\/wp\/v2\/product_tag?post=136414"}],"curies":[{"name":"wp","href":"https:\/\/api.w.org\/{rel}","templated":true}]}}

Le Passé à la Comédie-française

<p>R38 : <em>Le Passé</em> à la Comédie-française. Pièce en prose de Porto-Riche.<Br><br />
On reconnaît de gauche à droite: Raphaël Duflos dans le rôle de François Prieur, M<sup>lle</sup> Brandès dans celui de Dominique Brienne,<br />
Henry Mayer dans celui de Maurice Arnault. <Br><br />
Ce dessin a été reproduit également dans <em>Le Théâtre</em> n°104 du 16 avril 1903.<Br><br />
R38a : Original<Br><br />
RF 37433 : Croquis préparatoire de Raphaël Duflos.<Br><br />
RF 37435 : Croquis préparatoire de Raphaël Duflos.<Br><br />
RF 37407 : Croquis préparatoire de Henry Mayer.<Br><br />
RF 37406 : Croquis préparatoire de Henry Mayer.</p>

<p>R38 : Publié dans Le Rire n°404, supplément en couleurs page 10 et 11.<Br><br />
R38a : Original<Br><br />
RF 37433 : vignette<Br><br />
RF 37435 : vignette<Br><br />
RF 37407 : vignette<Br><br />
RF 37406 : vignette</p>

<!-- This site is optimized with the Yoast SEO Premium plugin v27.0 (Yoast SEO v27.4) - https://yoast.com/product/yoast-seo-premium-wordpress/ -->
<title>Le Passé à la Comédie-française - Catalogue raisonné de Leonetto Cappiello</title>
<meta name="robots" content="index, follow, max-snippet:-1, max-image-preview:large, max-video-preview:-1" />
<link rel="canonical" href="https://cappiello.fr/en/produit/le-passe-a-la-comedie-francaise/" />
<meta property="og:locale" content="en_US" />
<meta property="og:type" content="article" />
<meta property="og:title" content="Le Passé à la Comédie-française" />
<meta property="og:description" content="R38 : Publié dans Le Rire n°404, supplément en couleurs page 10 et 11. R38a : Original RF 37433 : vignette RF 37435 : vignette RF 37407 : vignette RF 37406 : vignette" />
<meta property="og:url" content="https://cappiello.fr/en/produit/le-passe-a-la-comedie-francaise/" />
<meta property="og:site_name" content="Catalogue raisonné de Leonetto Cappiello" />
<meta property="article:modified_time" content="2026-04-10T12:05:44+00:00" />
<meta property="og:image" content="https://cappiello.fr/wp-content/uploads/1902/08/Le-Passe-a-la-Comedie-francaise-caricature-Cappiello.jpg" />
	<meta property="og:image:width" content="1211" />
	<meta property="og:image:height" content="800" />
	<meta property="og:image:type" content="image/jpeg" />
<meta name="twitter:card" content="summary_large_image" />
<meta name="twitter:label1" content="Price" />
	<meta name="twitter:data1" content="" />
	<meta name="twitter:label2" content="Availability" />
	<meta name="twitter:data2" content="In stock" />
<script type="application/ld+json" class="yoast-schema-graph">{"@context":"https:\/\/schema.org","@graph":[{"@type":["WebPage","ItemPage"],"@id":"https:\/\/cappiello.fr\/en\/produit\/le-passe-a-la-comedie-francaise\/","url":"https:\/\/cappiello.fr\/en\/produit\/le-passe-a-la-comedie-francaise\/","name":"Le Passé à la Comédie-française - Catalogue raisonné de Leonetto Cappiello","isPartOf":{"@id":"https:\/\/cappiello.fr\/en\/#website"},"primaryImageOfPage":{"@id":"https:\/\/cappiello.fr\/en\/produit\/le-passe-a-la-comedie-francaise\/#primaryimage"},"image":{"@id":"https:\/\/cappiello.fr\/en\/produit\/le-passe-a-la-comedie-francaise\/#primaryimage"},"thumbnailUrl":"https:\/\/cappiello.fr\/wp-content\/uploads\/1902\/08\/Le-Passe-a-la-Comedie-francaise-caricature-Cappiello.jpg","datePublished":"1902-08-02T09:41:20+00:00","dateModified":"2026-04-10T12:05:44+00:00","breadcrumb":{"@id":"https:\/\/cappiello.fr\/en\/produit\/le-passe-a-la-comedie-francaise\/#breadcrumb"},"inLanguage":"en-US","potentialAction":[{"@type":"ReadAction","target":["https:\/\/cappiello.fr\/en\/produit\/le-passe-a-la-comedie-francaise\/"]}]},{"@type":"ImageObject","inLanguage":"en-US","@id":"https:\/\/cappiello.fr\/en\/produit\/le-passe-a-la-comedie-francaise\/#primaryimage","url":"https:\/\/cappiello.fr\/wp-content\/uploads\/1902\/08\/Le-Passe-a-la-Comedie-francaise-caricature-Cappiello.jpg","contentUrl":"https:\/\/cappiello.fr\/wp-content\/uploads\/1902\/08\/Le-Passe-a-la-Comedie-francaise-caricature-Cappiello.jpg","width":1211,"height":800,"caption":"Le passé à la Comédie-française. Caricature de Cappiello. On reconnait de gauche à droite : Duflos, Brandès, Meyer."},{"@type":"BreadcrumbList","@id":"https:\/\/cappiello.fr\/en\/produit\/le-passe-a-la-comedie-francaise\/#breadcrumb","itemListElement":[{"@type":"ListItem","position":1,"name":"Accueil","item":"https:\/\/cappiello.fr\/en\/"},{"@type":"ListItem","position":2,"name":"The works","item":"https:\/\/cappiello.fr\/en\/the-works\/"},{"@type":"ListItem","position":3,"name":"Le Passé à la Comédie-française"}]},{"@type":"WebSite","@id":"https:\/\/cappiello.fr\/en\/#website","url":"https:\/\/cappiello.fr\/en\/","name":"Catalogue raisonné de Leonetto Cappiello","description":"Plongez dans l&#039;univers de Leonetto Cappiello, le père de la publicité moderne","potentialAction":[{"@type":"SearchAction","target":{"@type":"EntryPoint","urlTemplate":"https:\/\/cappiello.fr\/en\/?s={search_term_string}"},"query-input":{"@type":"PropertyValueSpecification","valueRequired":true,"valueName":"search_term_string"}}],"inLanguage":"en-US"}]}</script>
<meta property="product:price:currency" content="EUR" />
<meta property="og:availability" content="instock" />
<meta property="product:availability" content="instock" />
<meta property="product:retailer_item_id" content="R38" />
<meta property="product:condition" content="new" />
<!-- / Yoast SEO Premium plugin. -->

Le Passé à la Comédie-française - Catalogue raisonné de Leonetto Cappiello

R38 : Publié dans Le Rire n°404, supplément en couleurs page 10 et 11. R38a : Original RF 37433 : vignette RF 37435 : vignette RF 37407 : vignette RF 37406 : vignette

Catalogue raisonné de Leonetto Cappiello

Le passé à la Comédie-française. Caricature de Cappiello. On reconnait de gauche à droite : Duflos, Brandès, Meyer.

Plongez dans l&#039;univers de Leonetto Cappiello, le père de la publicité moderne
